CRAN Package Check Results for Package TR8

Last updated on 2022-11-26 03:58:22 CET.

Flavor Version Tinstall Tcheck Ttotal Status Flags
r-devel-linux-x86_64-debian-clang 0.9.22 14.09 117.62 131.71 OK
r-devel-linux-x86_64-debian-gcc 0.9.22 10.13 89.11 99.24 OK
r-devel-linux-x86_64-fedora-clang 0.9.22 174.21 NOTE
r-devel-linux-x86_64-fedora-gcc 0.9.22 173.44 NOTE
r-devel-windows-x86_64 0.9.22 33.00 185.00 218.00 OK
r-patched-linux-x86_64 0.9.22 OK
r-release-linux-x86_64 0.9.22 12.54 112.00 124.54 OK
r-release-macos-arm64 0.9.22 49.00 NOTE
r-release-macos-x86_64 0.9.22 80.00 NOTE
r-release-windows-x86_64 0.9.22 34.00 286.00 320.00 OK
r-oldrel-macos-arm64 0.9.22 57.00 NOTE
r-oldrel-macos-x86_64 0.9.22 96.00 NOTE
r-oldrel-windows-ix86+x86_64 0.9.22 31.00 149.00 180.00 OK

Check Details

Version: 0.9.22
Check: data for non-ASCII characters
Result: NOTE
     Note: found 153 marked Latin-1 strings
     Note: found 108 marked UTF-8 strings
Flavors: r-devel-linux-x86_64-fedora-clang, r-devel-linux-x86_64-fedora-gcc, r-release-macos-arm64, r-release-macos-x86_64, r-oldrel-macos-arm64, r-oldrel-macos-x86_64