CRAN Package Check Results for Package TensorClustering

Last updated on 2022-12-10 03:57:43 CET.

Flavor Version Tinstall Tcheck Ttotal Status Flags
r-devel-linux-x86_64-debian-clang 1.0.2 5.57 52.42 57.99 OK
r-devel-linux-x86_64-debian-gcc 1.0.2 6.46 42.23 48.69 OK
r-devel-linux-x86_64-fedora-clang 1.0.2 80.10 NOTE
r-devel-linux-x86_64-fedora-gcc 1.0.2 78.02 NOTE
r-devel-windows-x86_64 1.0.2 20.00 93.00 113.00 OK
r-patched-linux-x86_64 1.0.2 7.29 46.70 53.99 OK
r-release-linux-x86_64 1.0.2 6.77 45.95 52.72 OK
r-release-macos-arm64 1.0.2 26.00 NOTE
r-release-macos-x86_64 1.0.2 32.00 NOTE
r-release-windows-x86_64 1.0.2 16.00 79.00 95.00 OK
r-oldrel-macos-arm64 1.0.2 29.00 NOTE
r-oldrel-macos-x86_64 1.0.2 32.00 NOTE
r-oldrel-windows-ix86+x86_64 1.0.2 18.00 92.00 110.00 OK

Check Details

Version: 1.0.2
Check: dependencies in R code
Result: NOTE
    Namespace in Imports field not imported from: ‘Rcpp’
     All declared Imports should be used.
Flavors: r-devel-linux-x86_64-fedora-clang, r-devel-linux-x86_64-fedora-gcc, r-release-macos-arm64, r-release-macos-x86_64, r-oldrel-macos-arm64, r-oldrel-macos-x86_64