Last updated on 2023-12-02 03:57:58 CET.
Flavor | Version | Tinstall | Tcheck | Ttotal | Status | Flags |
---|---|---|---|---|---|---|
r-devel-linux-x86_64-debian-clang | 2.7.0 | 61.13 | 281.82 | 342.95 | NOTE | |
r-devel-linux-x86_64-debian-gcc | 2.7.0 | 44.90 | 217.97 | 262.87 | NOTE | |
r-devel-linux-x86_64-fedora-clang | 2.7.0 | 464.78 | NOTE | |||
r-devel-linux-x86_64-fedora-gcc | 2.7.0 | 466.39 | NOTE | |||
r-devel-windows-x86_64 | 2.7.0 | 49.00 | 271.00 | 320.00 | NOTE | |
r-patched-linux-x86_64 | 2.7.0 | 37.16 | 277.84 | 315.00 | NOTE | |
r-release-linux-x86_64 | 2.7.0 | 34.25 | 283.38 | 317.63 | NOTE | |
r-release-macos-arm64 | 2.7.0 | 145.00 | NOTE | |||
r-release-macos-x86_64 | 2.7.0 | 288.00 | NOTE | |||
r-release-windows-x86_64 | 2.7.0 | 62.00 | 332.00 | 394.00 | NOTE | |
r-oldrel-macos-arm64 | 2.7.0 | 135.00 | NOTE | |||
r-oldrel-macos-x86_64 | 2.6.3 | 164.00 | NOTE | |||
r-oldrel-windows-x86_64 | 2.7.0 | 60.00 | 316.00 | 376.00 | NOTE |
Version: 2.7.0
Check: package dependencies
Result: NOTE
Package suggested but not available for checking: ‘TreeDistData’
Flavors: r-devel-linux-x86_64-debian-clang, r-devel-linux-x86_64-debian-gcc, r-devel-linux-x86_64-fedora-clang, r-devel-linux-x86_64-fedora-gcc, r-devel-windows-x86_64, r-patched-linux-x86_64, r-release-linux-x86_64, r-release-macos-arm64, r-release-macos-x86_64, r-release-windows-x86_64, r-oldrel-macos-arm64, r-oldrel-windows-x86_64
Version: 2.7.0
Check: installed package size
Result: NOTE
installed size is 5.9Mb
sub-directories of 1Mb or more:
doc 5.0Mb
Flavors: r-devel-linux-x86_64-fedora-clang, r-devel-windows-x86_64, r-release-macos-arm64, r-release-macos-x86_64, r-release-windows-x86_64, r-oldrel-macos-arm64, r-oldrel-windows-x86_64
Version: 2.6.3
Check: package dependencies
Result: NOTE
Package suggested but not available for checking: ‘TreeDistData’
Flavor: r-oldrel-macos-x86_64
Version: 2.6.3
Check: installed package size
Result: NOTE
installed size is 7.9Mb
sub-directories of 1Mb or more:
doc 4.9Mb
libs 2.3Mb
Flavor: r-oldrel-macos-x86_64