CRAN Package Check Results for Package TreeDist

Last updated on 2022-11-26 03:58:22 CET.

Flavor Version Tinstall Tcheck Ttotal Status Flags
r-devel-linux-x86_64-debian-clang 2.5.0 51.50 276.48 327.98 NOTE
r-devel-linux-x86_64-debian-gcc 2.5.0 43.94 206.96 250.90 NOTE
r-devel-linux-x86_64-fedora-clang 2.5.0 436.58 NOTE
r-devel-linux-x86_64-fedora-gcc 2.5.0 414.53 NOTE
r-devel-windows-x86_64 2.5.0 105.00 452.00 557.00 NOTE
r-patched-linux-x86_64 2.5.0 NOTE
r-release-linux-x86_64 2.5.0 45.79 230.12 275.91 NOTE
r-release-macos-arm64 2.5.0 105.00 NOTE
r-release-macos-x86_64 2.5.0 148.00 NOTE
r-release-windows-x86_64 2.5.0 110.00 326.00 436.00 NOTE
r-oldrel-macos-arm64 2.5.0 112.00 NOTE
r-oldrel-macos-x86_64 2.5.0 167.00 NOTE
r-oldrel-windows-ix86+x86_64 2.5.0 121.00 431.00 552.00 NOTE

Check Details

Version: 2.5.0
Check: package dependencies
Result: NOTE
    Package suggested but not available for checking: 'TreeDistData'
Flavors: r-devel-linux-x86_64-debian-clang, r-devel-linux-x86_64-debian-gcc, r-devel-linux-x86_64-fedora-clang, r-devel-linux-x86_64-fedora-gcc, r-devel-windows-x86_64, r-patched-linux-x86_64, r-release-linux-x86_64, r-release-macos-arm64, r-release-macos-x86_64, r-release-windows-x86_64, r-oldrel-macos-arm64, r-oldrel-macos-x86_64, r-oldrel-windows-ix86+x86_64

Version: 2.5.0
Check: installed package size
Result: NOTE
     installed size is 5.8Mb
     sub-directories of 1Mb or more:
     doc 4.8Mb
Flavors: r-devel-linux-x86_64-fedora-clang, r-devel-windows-x86_64, r-release-macos-arm64, r-release-macos-x86_64, r-release-windows-x86_64, r-oldrel-macos-arm64, r-oldrel-macos-x86_64, r-oldrel-windows-ix86+x86_64