Last updated on 2023-11-28 04:03:27 CET.
Flavor | Version | Tinstall | Tcheck | Ttotal | Status | Flags |
---|---|---|---|---|---|---|
r-devel-linux-x86_64-debian-clang | 2.2.2 | 50.11 | 186.85 | 236.96 | NOTE | |
r-devel-linux-x86_64-debian-gcc | 2.2.2 | 37.38 | 154.25 | 191.63 | NOTE | |
r-devel-linux-x86_64-fedora-clang | 2.2.2 | 316.07 | NOTE | |||
r-devel-linux-x86_64-fedora-gcc | 2.2.2 | 348.51 | NOTE | |||
r-devel-windows-x86_64 | 2.2.2 | 39.00 | 223.00 | 262.00 | NOTE | |
r-patched-linux-x86_64 | 2.2.2 | 43.11 | 193.40 | 236.51 | NOTE | |
r-release-linux-x86_64 | 2.2.2 | 41.86 | 193.36 | 235.22 | NOTE | |
r-release-macos-arm64 | 2.2.2 | 161.00 | NOTE | |||
r-release-macos-x86_64 | 2.2.2 | 256.00 | NOTE | |||
r-release-windows-x86_64 | 2.2.2 | 52.00 | 250.00 | 302.00 | NOTE | |
r-oldrel-macos-arm64 | 2.2.2 | 152.00 | OK | |||
r-oldrel-macos-x86_64 | 2.2.2 | 190.00 | OK | |||
r-oldrel-windows-x86_64 | 2.2.2 | 51.00 | 244.00 | 295.00 | OK |
Version: 2.2.2
Check: C++ specification
Result: NOTE
Specified C++11: please drop specification unless essential
Flavors: r-devel-linux-x86_64-debian-clang, r-devel-linux-x86_64-debian-gcc, r-devel-linux-x86_64-fedora-clang, r-devel-linux-x86_64-fedora-gcc, r-devel-windows-x86_64, r-patched-linux-x86_64, r-release-linux-x86_64, r-release-macos-arm64, r-release-macos-x86_64, r-release-windows-x86_64
Version: 2.2.2
Check: package subdirectories
Result: NOTE
Problems with news in ‘NEWS.md’:
Cannot extract version info from the following section titles:
Changes
Flavors: r-devel-linux-x86_64-debian-clang, r-devel-linux-x86_64-debian-gcc, r-devel-linux-x86_64-fedora-clang, r-devel-linux-x86_64-fedora-gcc, r-devel-windows-x86_64, r-patched-linux-x86_64, r-release-linux-x86_64, r-release-macos-arm64, r-release-macos-x86_64, r-release-windows-x86_64
Version: 2.2.2
Check: Rd files
Result: NOTE
checkRd: (-1) cholperm.Rd:21: Lost braces in \itemize; \value handles \item{}{} directly
checkRd: (-1) cholperm.Rd:22: Lost braces in \itemize; \value handles \item{}{} directly
checkRd: (-1) cholperm.Rd:23: Lost braces in \itemize; \value handles \item{}{} directly
checkRd: (-1) cholperm.Rd:24: Lost braces in \itemize; \value handles \item{}{} directly
checkRd: (-1) dot-cholpermGB.Rd:19: Lost braces in \itemize; \value handles \item{}{} directly
checkRd: (-1) dot-cholpermGB.Rd:20: Lost braces in \itemize; \value handles \item{}{} directly
checkRd: (-1) dot-cholpermGB.Rd:21: Lost braces in \itemize; \value handles \item{}{} directly
checkRd: (-1) dot-cholpermGB.Rd:22: Lost braces in \itemize; \value handles \item{}{} directly
checkRd: (-1) dot-cholpermGGE.Rd:19: Lost braces in \itemize; \value handles \item{}{} directly
checkRd: (-1) dot-cholpermGGE.Rd:20: Lost braces in \itemize; \value handles \item{}{} directly
checkRd: (-1) dot-cholpermGGE.Rd:21: Lost braces in \itemize; \value handles \item{}{} directly
checkRd: (-1) dot-cholpermGGE.Rd:22: Lost braces in \itemize; \value handles \item{}{} directly
checkRd: (-1) mvNcdf.Rd:21: Lost braces in \itemize; \value handles \item{}{} directly
checkRd: (-1) mvNcdf.Rd:22: Lost braces in \itemize; \value handles \item{}{} directly
checkRd: (-1) mvNcdf.Rd:23: Lost braces in \itemize; \value handles \item{}{} directly
checkRd: (-1) mvNqmc.Rd:21: Lost braces in \itemize; \value handles \item{}{} directly
checkRd: (-1) mvNqmc.Rd:22: Lost braces in \itemize; \value handles \item{}{} directly
checkRd: (-1) mvNqmc.Rd:23: Lost braces in \itemize; \value handles \item{}{} directly
checkRd: (-1) mvTcdf.Rd:23: Lost braces in \itemize; \value handles \item{}{} directly
checkRd: (-1) mvTcdf.Rd:24: Lost braces in \itemize; \value handles \item{}{} directly
checkRd: (-1) mvTcdf.Rd:25: Lost braces in \itemize; \value handles \item{}{} directly
checkRd: (-1) mvTqmc.Rd:23: Lost braces in \itemize; \value handles \item{}{} directly
checkRd: (-1) mvTqmc.Rd:24: Lost braces in \itemize; \value handles \item{}{} directly
checkRd: (-1) mvTqmc.Rd:25: Lost braces in \itemize; \value handles \item{}{} directly
checkRd: (-1) mvrandn.Rd:31-36: Lost braces in \itemize; meant \describe ?
checkRd: (-1) mvrandn.Rd:37-44: Lost braces in \itemize; meant \describe ?
Flavors: r-devel-linux-x86_64-debian-clang, r-devel-linux-x86_64-debian-gcc