CRAN Package Check Results for Package TwoArmSurvSim

Last updated on 2022-08-13 04:58:02 CEST.

Flavor Version Tinstall Tcheck Ttotal Status Flags
r-devel-linux-x86_64-debian-clang 0.2 12.14 113.47 125.61 NOTE
r-devel-linux-x86_64-debian-gcc 0.2 8.40 81.02 89.42 NOTE
r-devel-linux-x86_64-fedora-clang 0.2 156.85 NOTE
r-devel-linux-x86_64-fedora-gcc 0.2 151.83 NOTE
r-devel-windows-x86_64 0.2 30.00 165.00 195.00 NOTE
r-patched-linux-x86_64 0.2 12.23 103.39 115.62 NOTE
r-release-linux-x86_64 0.2 9.62 103.42 113.04 NOTE
r-release-macos-arm64 0.2 39.00 NOTE
r-release-macos-x86_64 0.2 77.00 NOTE
r-release-windows-x86_64 0.2 45.00 173.00 218.00 NOTE
r-oldrel-macos-arm64 0.2 42.00 NOTE
r-oldrel-macos-x86_64 0.2 60.00 NOTE
r-oldrel-windows-ix86+x86_64 0.2 26.00 338.00 364.00 NOTE

Check Details

Version: 0.2
Check: LazyData
Result: NOTE
     'LazyData' is specified without a 'data' directory
Flavors: r-devel-linux-x86_64-debian-clang, r-devel-linux-x86_64-debian-gcc, r-devel-linux-x86_64-fedora-clang, r-devel-linux-x86_64-fedora-gcc, r-devel-windows-x86_64, r-patched-linux-x86_64, r-release-linux-x86_64, r-release-macos-arm64, r-release-macos-x86_64, r-release-windows-x86_64, r-oldrel-macos-arm64, r-oldrel-macos-x86_64, r-oldrel-windows-ix86+x86_64