CRAN Package Check Results for Package VIM

Last updated on 2022-10-04 04:50:46 CEST.

Flavor Version Tinstall Tcheck Ttotal Status Flags
r-devel-linux-x86_64-debian-clang 6.2.2 36.51 205.19 241.70 OK
r-devel-linux-x86_64-debian-gcc 6.2.2 31.90 151.30 183.20 OK
r-devel-linux-x86_64-fedora-clang 6.2.2 320.65 NOTE
r-devel-linux-x86_64-fedora-gcc 6.2.2 309.75 NOTE
r-devel-windows-x86_64 6.2.2 62.00 271.00 333.00 NOTE
r-patched-linux-x86_64 6.2.2 44.35 185.48 229.83 OK
r-release-linux-x86_64 6.2.2 37.21 188.58 225.79 OK
r-release-macos-arm64 6.2.2 80.00 NOTE
r-release-macos-x86_64 6.2.2 107.00 NOTE
r-release-windows-x86_64 6.2.2 65.00 256.00 321.00 NOTE
r-oldrel-macos-arm64 6.2.2 61.00 NOTE
r-oldrel-macos-x86_64 6.2.2 117.00 NOTE
r-oldrel-windows-ix86+x86_64 6.2.2 85.00 341.00 426.00 NOTE

Check Details

Version: 6.2.2
Check: dependencies in R code
Result: NOTE
    Namespace in Imports field not imported from: ‘magrittr’
     All declared Imports should be used.
Flavors: r-devel-linux-x86_64-fedora-clang, r-devel-linux-x86_64-fedora-gcc, r-release-macos-arm64, r-release-macos-x86_64, r-oldrel-macos-arm64, r-oldrel-macos-x86_64

Version: 6.2.2
Check: Rd cross-references
Result: NOTE
    Undeclared package ‘mi’ in Rd xrefs
Flavor: r-devel-linux-x86_64-fedora-clang

Version: 6.2.2
Check: data for non-ASCII characters
Result: NOTE
     Note: found 2754 marked UTF-8 strings
Flavors: r-devel-linux-x86_64-fedora-clang, r-devel-linux-x86_64-fedora-gcc, r-release-macos-arm64, r-release-macos-x86_64, r-oldrel-macos-arm64, r-oldrel-macos-x86_64

Version: 6.2.2
Check: installed package size
Result: NOTE
     installed size is 5.2Mb
     sub-directories of 1Mb or more:
     doc 2.7Mb
     libs 1.0Mb
Flavors: r-devel-windows-x86_64, r-release-macos-arm64, r-release-macos-x86_64, r-release-windows-x86_64, r-oldrel-macos-arm64, r-oldrel-macos-x86_64, r-oldrel-windows-ix86+x86_64