CRAN Package Check Results for Package VineCopula

Last updated on 2022-12-07 03:57:39 CET.

Flavor Version Tinstall Tcheck Ttotal Status Flags
r-devel-linux-x86_64-debian-clang 2.4.4 33.19 155.33 188.52 OK
r-devel-linux-x86_64-debian-gcc 2.4.4 25.41 115.77 141.18 OK
r-devel-linux-x86_64-fedora-clang 2.4.4 244.78 NOTE
r-devel-linux-x86_64-fedora-gcc 2.4.4 242.90 OK
r-devel-windows-x86_64 2.4.4 167.00 210.00 377.00 OK
r-patched-linux-x86_64 2.4.4 34.11 141.17 175.28 OK
r-release-linux-x86_64 2.4.4 31.73 141.88 173.61 OK
r-release-macos-arm64 2.4.4 76.00 OK
r-release-macos-x86_64 2.4.4 101.00 OK
r-release-windows-x86_64 2.4.4 142.00 191.00 333.00 OK
r-oldrel-macos-arm64 2.4.4 69.00 OK
r-oldrel-macos-x86_64 2.4.4 97.00 OK
r-oldrel-windows-ix86+x86_64 2.4.4 78.00 258.00 336.00 OK

Check Details

Version: 2.4.4
Check: Rd cross-references
Result: NOTE
    Undeclared packages ‘foreach’, ‘copula’ in Rd xrefs
Flavor: r-devel-linux-x86_64-fedora-clang