CRAN Package Check Results for Package WebGestaltR

Last updated on 2022-09-28 04:51:16 CEST.

Flavor Version Tinstall Tcheck Ttotal Status Flags
r-devel-linux-x86_64-debian-clang 0.4.4 45.00 124.72 169.72 NOTE
r-devel-linux-x86_64-debian-gcc 0.4.4 35.20 91.75 126.95 NOTE
r-devel-linux-x86_64-fedora-clang 0.4.4 230.33 NOTE
r-devel-linux-x86_64-fedora-gcc 0.4.4 218.14 NOTE
r-devel-windows-x86_64 0.4.4 93.00 165.00 258.00 NOTE
r-patched-linux-x86_64 0.4.4 38.79 114.87 153.66 OK
r-release-linux-x86_64 0.4.4 29.70 115.53 145.23 OK
r-release-macos-arm64 0.4.4 46.00 OK
r-release-macos-x86_64 0.4.4 88.00 OK
r-release-windows-x86_64 0.4.4 87.00 154.00 241.00 OK
r-oldrel-macos-arm64 0.4.4 57.00 OK
r-oldrel-macos-x86_64 0.4.4 81.00 OK
r-oldrel-windows-ix86+x86_64 0.4.4 99.00 177.00 276.00 OK

Check Details

Version: 0.4.4
Check: package subdirectories
Result: NOTE
    Problems with news in 'NEWS.md':
    No news entries found.
Flavors: r-devel-linux-x86_64-debian-clang, r-devel-linux-x86_64-debian-gcc, r-devel-linux-x86_64-fedora-clang, r-devel-linux-x86_64-fedora-gcc, r-devel-windows-x86_64