Last updated on 2023-12-08 04:03:29 CET.
Flavor | Version | Tinstall | Tcheck | Ttotal | Status | Flags |
---|---|---|---|---|---|---|
r-devel-linux-x86_64-debian-clang | 0.9.0 | 4.39 | 34.55 | 38.94 | NOTE | |
r-devel-linux-x86_64-debian-gcc | 0.9.0 | 4.51 | 27.46 | 31.97 | NOTE | |
r-devel-linux-x86_64-fedora-clang | 0.9.0 | 51.78 | NOTE | |||
r-devel-linux-x86_64-fedora-gcc | 0.9.0 | 61.32 | NOTE | |||
r-devel-windows-x86_64 | 0.9.0 | 6.00 | 51.00 | 57.00 | NOTE | |
r-patched-linux-x86_64 | 0.9.0 | 7.92 | 34.38 | 42.30 | OK | |
r-release-linux-x86_64 | 0.9.0 | 3.70 | 34.24 | 37.94 | OK | |
r-release-macos-arm64 | 0.9.0 | 26.00 | OK | |||
r-release-macos-x86_64 | 0.9.0 | 39.00 | OK | |||
r-release-windows-x86_64 | 0.9.0 | 7.00 | 53.00 | 60.00 | OK | |
r-oldrel-macos-arm64 | 0.9.0 | 20.00 | OK | |||
r-oldrel-macos-x86_64 | 0.9.0 | 27.00 | OK | |||
r-oldrel-windows-x86_64 | 0.9.0 | 9.00 | 54.00 | 63.00 | OK |
Version: 0.9.0
Check: Rd metadata
Result: NOTE
Invalid package aliases in Rd file 'XRjulia-package.Rd':
‘XRjulia-package’
Flavors: r-devel-linux-x86_64-debian-clang, r-devel-linux-x86_64-debian-gcc, r-devel-linux-x86_64-fedora-clang, r-devel-linux-x86_64-fedora-gcc, r-devel-windows-x86_64