CRAN Package Check Results for Package YPBP

Last updated on 2022-08-10 04:54:16 CEST.

Flavor Version Tinstall Tcheck Ttotal Status Flags
r-devel-linux-x86_64-debian-clang 0.0.1 235.49 163.58 399.07 NOTE
r-devel-linux-x86_64-debian-gcc 0.0.1 223.16 132.16 355.32 NOTE
r-devel-linux-x86_64-fedora-clang 0.0.1 556.30 NOTE
r-devel-linux-x86_64-fedora-gcc 0.0.1 583.59 NOTE
r-devel-windows-x86_64 0.0.1 182.00 221.00 403.00 NOTE
r-patched-linux-x86_64 0.0.1 201.19 169.09 370.28 NOTE
r-release-linux-x86_64 0.0.1 NOTE
r-release-macos-arm64 0.0.1 127.00 NOTE
r-release-macos-x86_64 0.0.1 233.00 NOTE
r-release-windows-x86_64 0.0.1 178.00 223.00 401.00 NOTE
r-oldrel-macos-arm64 0.0.1 159.00 NOTE
r-oldrel-macos-x86_64 0.0.1 289.00 NOTE
r-oldrel-windows-ix86+x86_64 0.0.1 547.00 305.00 852.00 NOTE

Check Details

Version: 0.0.1
Check: for GNU extensions in Makefiles
Result: NOTE
    GNU make is a SystemRequirements.
Flavors: r-devel-linux-x86_64-debian-clang, r-devel-linux-x86_64-debian-gcc, r-devel-linux-x86_64-fedora-clang, r-devel-linux-x86_64-fedora-gcc, r-devel-windows-x86_64, r-patched-linux-x86_64, r-release-linux-x86_64, r-release-macos-arm64, r-release-macos-x86_64, r-release-windows-x86_64, r-oldrel-macos-arm64, r-oldrel-macos-x86_64, r-oldrel-windows-ix86+x86_64

Version: 0.0.1
Check: installed package size
Result: NOTE
     installed size is 31.4Mb
     sub-directories of 1Mb or more:
     libs 31.0Mb
Flavors: r-devel-linux-x86_64-fedora-clang, r-release-macos-arm64, r-release-macos-x86_64, r-oldrel-macos-arm64, r-oldrel-macos-x86_64, r-oldrel-windows-ix86+x86_64

Version: 0.0.1
Check: dependencies in R code
Result: NOTE
    Namespace in Imports field not imported from: ‘rstantools’
     All declared Imports should be used.
Flavors: r-devel-linux-x86_64-fedora-clang, r-devel-linux-x86_64-fedora-gcc, r-release-macos-arm64, r-release-macos-x86_64, r-oldrel-macos-arm64, r-oldrel-macos-x86_64