Last updated on 2023-01-31 04:06:10 CET.
Flavor | Version | Tinstall | Tcheck | Ttotal | Status | Flags |
---|---|---|---|---|---|---|
r-devel-linux-x86_64-debian-clang | 1.9 | 80.46 | 104.42 | 184.88 | OK | |
r-devel-linux-x86_64-debian-gcc | 1.9 | 63.89 | 76.49 | 140.38 | OK | |
r-devel-linux-x86_64-fedora-clang | 1.9 | 266.26 | OK | |||
r-devel-linux-x86_64-fedora-gcc | 1.9 | 231.94 | OK | |||
r-devel-windows-x86_64 | 1.9 | 92.00 | 154.00 | 246.00 | OK | |
r-patched-linux-x86_64 | 1.9 | 76.20 | 99.02 | 175.22 | OK | |
r-release-linux-x86_64 | 1.9 | 56.02 | 98.91 | 154.93 | OK | |
r-release-macos-arm64 | 1.9 | 61.00 | NOTE | |||
r-release-macos-x86_64 | 1.9 | 85.00 | NOTE | |||
r-release-windows-x86_64 | 1.9 | 75.00 | 156.00 | 231.00 | OK | |
r-oldrel-macos-arm64 | 1.9 | 63.00 | NOTE | |||
r-oldrel-macos-x86_64 | 1.9 | 86.00 | NOTE | |||
r-oldrel-windows-ix86+x86_64 | 1.9 | 194.00 | 186.00 | 380.00 | NOTE |
Version: 1.9
Check: installed package size
Result: NOTE
installed size is 5.4Mb
sub-directories of 1Mb or more:
data 2.6Mb
libs 2.5Mb
Flavors: r-release-macos-arm64, r-release-macos-x86_64, r-oldrel-macos-arm64, r-oldrel-macos-x86_64, r-oldrel-windows-ix86+x86_64