CRAN Package Check Results for Package abcrf

Last updated on 2024-02-24 03:52:27 CET.

Flavor Version Tinstall Tcheck Ttotal Status Flags
r-devel-linux-x86_64-debian-clang 1.9 96.32 103.02 199.34 OK
r-devel-linux-x86_64-debian-gcc 1.9 73.66 75.89 149.55 OK
r-devel-linux-x86_64-fedora-clang 1.9 264.31 OK
r-devel-linux-x86_64-fedora-gcc 1.9 254.84 OK
r-devel-windows-x86_64 1.9 70.00 108.00 178.00 OK
r-patched-linux-x86_64 1.9 73.89 99.24 173.13 OK
r-release-linux-x86_64 1.9 63.67 98.67 162.34 OK
r-release-macos-arm64 1.9 71.00 NOTE
r-release-macos-x86_64 1.9 114.00 NOTE
r-release-windows-x86_64 1.9 87.00 130.00 217.00 OK
r-oldrel-macos-arm64 1.9 61.00 NOTE
r-oldrel-windows-x86_64 1.9 85.00 128.00 213.00 OK

Check Details

Version: 1.9
Check: installed package size
Result: NOTE installed size is 5.4Mb sub-directories of 1Mb or more: data 2.6Mb libs 2.5Mb Flavors: r-release-macos-arm64, r-release-macos-x86_64, r-oldrel-macos-arm64