CRAN Package Check Results for Package abstractr

Last updated on 2022-12-02 04:00:02 CET.

Flavor Version Tinstall Tcheck Ttotal Status Flags
r-devel-linux-x86_64-debian-clang 0.1.0 6.89 72.59 79.48 NOTE
r-devel-linux-x86_64-debian-gcc 0.1.0 5.14 53.17 58.31 NOTE
r-devel-linux-x86_64-fedora-clang 0.1.0 106.09 NOTE
r-devel-linux-x86_64-fedora-gcc 0.1.0 102.75 NOTE
r-devel-windows-x86_64 0.1.0 15.00 110.00 125.00 NOTE
r-patched-linux-x86_64 0.1.0 5.77 67.70 73.47 NOTE
r-release-linux-x86_64 0.1.0 6.00 67.12 73.12 NOTE
r-release-macos-arm64 0.1.0 33.00 NOTE
r-release-macos-x86_64 0.1.0 54.00 NOTE
r-release-windows-x86_64 0.1.0 21.00 111.00 132.00 NOTE
r-oldrel-macos-arm64 0.1.0 35.00 NOTE
r-oldrel-macos-x86_64 0.1.0 61.00 NOTE
r-oldrel-windows-ix86+x86_64 0.1.0 18.00 97.00 115.00 NOTE

Check Details

Version: 0.1.0
Check: LazyData
Result: NOTE
     'LazyData' is specified without a 'data' directory
Flavors: r-devel-linux-x86_64-debian-clang, r-devel-linux-x86_64-debian-gcc, r-devel-linux-x86_64-fedora-clang, r-devel-linux-x86_64-fedora-gcc, r-devel-windows-x86_64, r-patched-linux-x86_64, r-release-linux-x86_64, r-release-macos-arm64, r-release-macos-x86_64, r-release-windows-x86_64, r-oldrel-macos-arm64, r-oldrel-macos-x86_64, r-oldrel-windows-ix86+x86_64