CRAN Package Check Results for Package acc

Last updated on 2022-09-27 04:50:24 CEST.

Flavor Version Tinstall Tcheck Ttotal Status Flags
r-devel-linux-x86_64-debian-clang 1.3.3 70.11 90.54 160.65 OK
r-devel-linux-x86_64-debian-gcc 1.3.3 53.47 67.32 120.79 OK
r-devel-linux-x86_64-fedora-clang 1.3.3 235.59 NOTE
r-devel-linux-x86_64-fedora-gcc 1.3.3 217.29 NOTE
r-devel-windows-x86_64 1.3.3 63.00 138.00 201.00 OK
r-patched-linux-x86_64 1.3.3 60.39 84.88 145.27 OK
r-release-linux-x86_64 1.3.3 55.79 84.24 140.03 OK
r-release-macos-arm64 1.3.3 59.00 OK
r-release-macos-x86_64 1.3.3 71.00 OK
r-release-windows-x86_64 1.3.3 75.00 134.00 209.00 OK
r-oldrel-macos-arm64 1.3.3 61.00 OK
r-oldrel-macos-x86_64 1.3.3 107.00 OK
r-oldrel-windows-ix86+x86_64 1.3.3 167.00 150.00 317.00 OK

Check Details

Version: 1.3.3
Check: compiled code
Result: NOTE
    File ‘acc/libs/acc.so’:
     Found no calls to: ‘R_registerRoutines’, ‘R_useDynamicSymbols’
    
    It is good practice to register native routines and to disable symbol
    search.
    
    See ‘Writing portable packages’ in the ‘Writing R Extensions’ manual.
Flavors: r-devel-linux-x86_64-fedora-clang, r-devel-linux-x86_64-fedora-gcc