CRAN Package Check Results for Package accessrmd

Last updated on 2022-12-01 04:00:26 CET.

Flavor Version Tinstall Tcheck Ttotal Status Flags
r-devel-linux-x86_64-debian-clang 1.0.0 7.22 76.73 83.95 OK
r-devel-linux-x86_64-debian-gcc 1.0.0 5.60 55.92 61.52 OK
r-devel-linux-x86_64-fedora-clang 1.0.0 115.08 OK
r-devel-linux-x86_64-fedora-gcc 1.0.0 107.54 OK
r-devel-windows-x86_64 1.0.0 17.00 115.00 132.00 OK
r-patched-linux-x86_64 1.0.0 7.35 70.88 78.23 OK
r-release-linux-x86_64 1.0.0 7.19 70.92 78.11 OK
r-release-macos-arm64 1.0.0 38.00 OK
r-release-macos-x86_64 1.0.0 53.00 NOTE
r-release-windows-x86_64 1.0.0 24.00 112.00 136.00 OK
r-oldrel-macos-arm64 1.0.0 34.00 OK
r-oldrel-macos-x86_64 1.0.0 49.00 OK
r-oldrel-windows-ix86+x86_64 1.0.0 17.00 98.00 115.00 OK

Check Details

Version: 1.0.0
Check: package dependencies
Result: NOTE
    Package suggested but not available for checking: ‘testthat’
Flavor: r-release-macos-x86_64