Last updated on 2022-08-09 04:51:15 CEST.
Flavor | Version | Tinstall | Tcheck | Ttotal | Status | Flags |
---|---|---|---|---|---|---|
r-devel-linux-x86_64-debian-clang | 1.1.9 | 14.54 | 86.98 | 101.52 | OK | |
r-devel-linux-x86_64-debian-gcc | 1.1.9 | 12.18 | 64.02 | 76.20 | OK | |
r-devel-linux-x86_64-fedora-clang | 1.1.9 | 126.32 | NOTE | |||
r-devel-linux-x86_64-fedora-gcc | 1.1.9 | 124.94 | NOTE | |||
r-devel-windows-x86_64 | 1.1.9 | 83.00 | 120.00 | 203.00 | OK | |
r-patched-linux-x86_64 | 1.1.9 | 14.71 | 81.38 | 96.09 | OK | |
r-release-linux-x86_64 | 1.1.9 | OK | ||||
r-release-macos-arm64 | 1.1.9 | 38.00 | NOTE | |||
r-release-macos-x86_64 | 1.1.9 | 50.00 | NOTE | |||
r-release-windows-x86_64 | 1.1.9 | 126.00 | 121.00 | 247.00 | OK | |
r-oldrel-macos-arm64 | 1.1.9 | 37.00 | NOTE | |||
r-oldrel-macos-x86_64 | 1.1.9 | 50.00 | NOTE | |||
r-oldrel-windows-ix86+x86_64 | 1.1.9 | 27.00 | 111.00 | 138.00 | OK |
Version: 1.1.9
Check: data for non-ASCII characters
Result: NOTE
Note: found 305 marked UTF-8 strings
Flavors: r-devel-linux-x86_64-fedora-clang, r-devel-linux-x86_64-fedora-gcc, r-release-macos-arm64, r-release-macos-x86_64, r-oldrel-macos-arm64, r-oldrel-macos-x86_64