CRAN Package Check Results for Package actel

Last updated on 2022-08-14 04:50:06 CEST.

Flavor Version Tinstall Tcheck Ttotal Status Flags
r-devel-linux-x86_64-debian-clang 1.2.1 26.73 213.78 240.51 NOTE
r-devel-linux-x86_64-debian-gcc 1.2.1 18.52 157.01 175.53 NOTE
r-devel-linux-x86_64-fedora-clang 1.2.1 274.24 NOTE
r-devel-linux-x86_64-fedora-gcc 1.2.1 276.14 NOTE
r-devel-windows-x86_64 1.2.1 106.00 277.00 383.00 OK
r-patched-linux-x86_64 1.2.1 22.86 191.38 214.24 NOTE
r-release-linux-x86_64 1.2.1 16.77 191.13 207.90 NOTE
r-release-macos-arm64 1.2.1 77.00 NOTE
r-release-macos-x86_64 1.2.1 136.00 NOTE
r-release-windows-x86_64 1.2.1 113.00 266.00 379.00 OK
r-oldrel-macos-arm64 1.2.1 98.00 NOTE
r-oldrel-macos-x86_64 1.2.1 140.00 NOTE
r-oldrel-windows-ix86+x86_64 1.2.1 46.00 249.00 295.00 OK

Check Details

Version: 1.2.1
Check: package dependencies
Result: NOTE
    Packages suggested but not available for checking:
     'RGtk2', 'gWidgets2RGtk2'
Flavors: r-devel-linux-x86_64-debian-clang, r-devel-linux-x86_64-debian-gcc, r-devel-linux-x86_64-fedora-clang, r-devel-linux-x86_64-fedora-gcc, r-patched-linux-x86_64, r-release-linux-x86_64, r-release-macos-arm64, r-release-macos-x86_64, r-oldrel-macos-arm64

Version: 1.2.1
Check: installed package size
Result: NOTE
     installed size is 5.0Mb
     sub-directories of 1Mb or more:
     doc 3.7Mb
Flavors: r-devel-linux-x86_64-fedora-clang, r-release-macos-arm64, r-release-macos-x86_64, r-oldrel-macos-arm64, r-oldrel-macos-x86_64

Version: 1.2.1
Check: dependencies in R code
Result: NOTE
    Namespace in Imports field not imported from: ‘svglite’
     All declared Imports should be used.
Flavors: r-devel-linux-x86_64-fedora-clang, r-devel-linux-x86_64-fedora-gcc, r-release-macos-arm64, r-release-macos-x86_64, r-oldrel-macos-arm64, r-oldrel-macos-x86_64