Last updated on 2023-03-21 03:54:14 CET.
Flavor | Version | Tinstall | Tcheck | Ttotal | Status | Flags |
---|---|---|---|---|---|---|
r-devel-linux-x86_64-debian-clang | 0.1.3 | NOTE | ||||
r-devel-linux-x86_64-debian-gcc | 0.1.3 | 9.99 | 86.31 | 96.30 | NOTE | |
r-devel-linux-x86_64-fedora-clang | 0.1.3 | 156.09 | NOTE | |||
r-devel-linux-x86_64-fedora-gcc | 0.1.3 | 148.09 | NOTE | |||
r-devel-windows-x86_64 | 0.1.3 | 29.00 | 140.00 | 169.00 | NOTE | |
r-patched-linux-x86_64 | 0.1.3 | 10.99 | 111.13 | 122.12 | NOTE | |
r-release-linux-x86_64 | 0.1.3 | 9.82 | 111.55 | 121.37 | NOTE | |
r-release-macos-arm64 | 0.1.3 | 42.00 | NOTE | |||
r-release-macos-x86_64 | 0.1.3 | 71.00 | NOTE | |||
r-release-windows-x86_64 | 0.1.3 | 30.00 | 147.00 | 177.00 | NOTE | |
r-oldrel-macos-arm64 | 0.1.3 | 42.00 | NOTE | |||
r-oldrel-macos-x86_64 | 0.1.3 | 78.00 | NOTE | |||
r-oldrel-windows-ix86+x86_64 | 0.1.3 | 28.00 | 142.00 | 170.00 | NOTE |
Version: 0.1.3
Check: LazyData
Result: NOTE
'LazyData' is specified without a 'data' directory
Flavors: r-devel-linux-x86_64-debian-clang, r-devel-linux-x86_64-debian-gcc, r-devel-linux-x86_64-fedora-clang, r-devel-linux-x86_64-fedora-gcc, r-devel-windows-x86_64, r-patched-linux-x86_64, r-release-linux-x86_64, r-release-macos-arm64, r-release-macos-x86_64, r-release-windows-x86_64, r-oldrel-macos-arm64, r-oldrel-macos-x86_64, r-oldrel-windows-ix86+x86_64