Last updated on 2023-09-25 05:01:18 CEST.
Flavor | Version | Tinstall | Tcheck | Ttotal | Status | Flags |
---|---|---|---|---|---|---|
r-devel-linux-x86_64-debian-clang | 2.0-5 | 3.05 | 29.45 | 32.50 | NOTE | |
r-devel-linux-x86_64-debian-gcc | 2.0-5 | 2.27 | 23.26 | 25.53 | NOTE | |
r-devel-linux-x86_64-fedora-clang | 2.0-5 | 41.14 | NOTE | |||
r-devel-linux-x86_64-fedora-gcc | 2.0-5 | 42.15 | NOTE | |||
r-devel-windows-x86_64 | 2.0-5 | 5.00 | 52.00 | 57.00 | NOTE | |
r-patched-linux-x86_64 | 2.0-5 | 3.61 | 29.49 | 33.10 | NOTE | |
r-release-linux-x86_64 | 2.0-5 | 3.22 | 29.38 | 32.60 | NOTE | |
r-release-macos-arm64 | 2.0-5 | 20.00 | NOTE | |||
r-release-macos-x86_64 | 2.0-5 | 25.00 | NOTE | |||
r-release-windows-x86_64 | 2.0-5 | 6.00 | 50.00 | 56.00 | NOTE | |
r-oldrel-macos-arm64 | 2.0-5 | 20.00 | OK | |||
r-oldrel-macos-x86_64 | 2.0-5 | 25.00 | OK | |||
r-oldrel-windows-x86_64 | 2.0-5 | 6.00 | 52.00 | 58.00 | OK |
Version: 2.0-5
Check: Rd files
Result: NOTE
checkRd: (-1) ada.Rd:171: Escaped LaTeX specials: \&
Flavors: r-devel-linux-x86_64-debian-clang, r-devel-linux-x86_64-debian-gcc, r-devel-linux-x86_64-fedora-clang, r-devel-linux-x86_64-fedora-gcc, r-devel-windows-x86_64, r-patched-linux-x86_64, r-release-linux-x86_64, r-release-macos-arm64, r-release-macos-x86_64, r-release-windows-x86_64