CRAN Package Check Results for Package addinsJoaoMelo

Last updated on 2022-08-13 04:57:41 CEST.

Flavor Version Tinstall Tcheck Ttotal Status Flags
r-devel-linux-x86_64-debian-clang 0.1.0 1.63 22.43 24.06 NOTE
r-devel-linux-x86_64-debian-gcc 0.1.0 1.28 17.84 19.12 NOTE
r-devel-linux-x86_64-fedora-clang 0.1.0 40.73 NOTE
r-devel-linux-x86_64-fedora-gcc 0.1.0 39.14 NOTE
r-devel-windows-x86_64 0.1.0 15.00 55.00 70.00 NOTE
r-patched-linux-x86_64 0.1.0 1.74 22.24 23.98 NOTE
r-release-linux-x86_64 0.1.0 1.72 21.74 23.46 NOTE
r-release-macos-arm64 0.1.0 15.00 NOTE
r-release-macos-x86_64 0.1.0 21.00 NOTE
r-release-windows-x86_64 0.1.0 6.00 52.00 58.00 NOTE
r-oldrel-macos-arm64 0.1.0 19.00 NOTE
r-oldrel-macos-x86_64 0.1.0 25.00 NOTE
r-oldrel-windows-ix86+x86_64 0.1.0 6.00 42.00 48.00 NOTE

Check Details

Version: 0.1.0
Check: LazyData
Result: NOTE
     'LazyData' is specified without a 'data' directory
Flavors: r-devel-linux-x86_64-debian-clang, r-devel-linux-x86_64-debian-gcc, r-devel-linux-x86_64-fedora-clang, r-devel-linux-x86_64-fedora-gcc, r-devel-windows-x86_64, r-patched-linux-x86_64, r-release-linux-x86_64, r-release-macos-arm64, r-release-macos-x86_64, r-release-windows-x86_64, r-oldrel-macos-arm64, r-oldrel-macos-x86_64, r-oldrel-windows-ix86+x86_64