Last updated on 2023-12-02 03:57:33 CET.
Flavor | Version | Tinstall | Tcheck | Ttotal | Status | Flags |
---|---|---|---|---|---|---|
r-devel-linux-x86_64-debian-clang | 0.1.6 | 7.81 | 64.87 | 72.68 | NOTE | |
r-devel-linux-x86_64-debian-gcc | 0.1.6 | 5.48 | 48.66 | 54.14 | NOTE | |
r-devel-linux-x86_64-fedora-clang | 0.1.6 | 91.51 | NOTE | |||
r-devel-linux-x86_64-fedora-gcc | 0.1.6 | 95.62 | NOTE | |||
r-devel-windows-x86_64 | 0.1.6 | 9.00 | 67.00 | 76.00 | NOTE | |
r-patched-linux-x86_64 | 0.1.6 | 4.64 | 60.82 | 65.46 | NOTE | |
r-release-linux-x86_64 | 0.1.6 | 5.42 | 62.33 | 67.75 | NOTE | |
r-release-macos-arm64 | 0.1.6 | 38.00 | NOTE | |||
r-release-macos-x86_64 | 0.1.6 | 53.00 | NOTE | |||
r-release-windows-x86_64 | 0.1.6 | 10.00 | 75.00 | 85.00 | NOTE | |
r-oldrel-macos-arm64 | 0.1.6 | 30.00 | NOTE | |||
r-oldrel-macos-x86_64 | 0.1.6 | 63.00 | NOTE | |||
r-oldrel-windows-x86_64 | 0.1.6 | 11.00 | 82.00 | 93.00 | NOTE |
Version: 0.1.6
Check: LazyData
Result: NOTE
'LazyData' is specified without a 'data' directory
Flavors: r-devel-linux-x86_64-debian-clang, r-devel-linux-x86_64-debian-gcc, r-devel-linux-x86_64-fedora-clang, r-devel-linux-x86_64-fedora-gcc, r-devel-windows-x86_64, r-patched-linux-x86_64, r-release-linux-x86_64, r-release-macos-arm64, r-release-macos-x86_64, r-release-windows-x86_64, r-oldrel-macos-arm64, r-oldrel-macos-x86_64, r-oldrel-windows-x86_64