CRAN Package Check Results for Package addinsOutline

Last updated on 2022-12-05 03:54:54 CET.

Flavor Version Tinstall Tcheck Ttotal Status Flags
r-devel-linux-x86_64-debian-clang 0.1.6 7.29 71.38 78.67 NOTE
r-devel-linux-x86_64-debian-gcc 0.1.6 6.88 53.21 60.09 NOTE
r-devel-linux-x86_64-fedora-clang 0.1.6 109.59 NOTE
r-devel-linux-x86_64-fedora-gcc 0.1.6 105.24 NOTE
r-devel-windows-x86_64 0.1.6 20.00 94.00 114.00 NOTE
r-patched-linux-x86_64 0.1.6 7.55 67.17 74.72 NOTE
r-release-linux-x86_64 0.1.6 8.50 66.78 75.28 NOTE
r-release-macos-arm64 0.1.6 30.00 NOTE
r-release-macos-x86_64 0.1.6 63.00 NOTE
r-release-windows-x86_64 0.1.6 34.00 99.00 133.00 NOTE
r-oldrel-macos-arm64 0.1.6 36.00 NOTE
r-oldrel-macos-x86_64 0.1.6 49.00 NOTE
r-oldrel-windows-ix86+x86_64 0.1.6 21.00 92.00 113.00 NOTE

Check Details

Version: 0.1.6
Check: LazyData
Result: NOTE
     'LazyData' is specified without a 'data' directory
Flavors: r-devel-linux-x86_64-debian-clang, r-devel-linux-x86_64-debian-gcc, r-devel-linux-x86_64-fedora-clang, r-devel-linux-x86_64-fedora-gcc, r-devel-windows-x86_64, r-patched-linux-x86_64, r-release-linux-x86_64, r-release-macos-arm64, r-release-macos-x86_64, r-release-windows-x86_64, r-oldrel-macos-arm64, r-oldrel-macos-x86_64, r-oldrel-windows-ix86+x86_64