CRAN Package Check Results for Package addreg

Last updated on 2022-11-27 03:57:41 CET.

Flavor Version Tinstall Tcheck Ttotal Status Flags
r-devel-linux-x86_64-debian-clang 3.0 11.51 107.43 118.94 NOTE
r-devel-linux-x86_64-debian-gcc 3.0 10.39 81.34 91.73 NOTE
r-devel-linux-x86_64-fedora-clang 3.0 158.42 NOTE
r-devel-linux-x86_64-fedora-gcc 3.0 154.97 NOTE
r-devel-windows-x86_64 3.0 22.00 144.00 166.00 NOTE
r-patched-linux-x86_64 3.0 12.45 102.21 114.66 NOTE
r-release-linux-x86_64 3.0 11.75 102.47 114.22 NOTE
r-release-macos-arm64 3.0 53.00 NOTE
r-release-macos-x86_64 3.0 56.00 NOTE
r-release-windows-x86_64 3.0 29.00 141.00 170.00 NOTE
r-oldrel-macos-arm64 3.0 47.00 NOTE
r-oldrel-macos-x86_64 3.0 71.00 NOTE
r-oldrel-windows-ix86+x86_64 3.0 25.00 123.00 148.00 NOTE

Check Details

Version: 3.0
Check: LazyData
Result: NOTE
     'LazyData' is specified without a 'data' directory
Flavors: r-devel-linux-x86_64-debian-clang, r-devel-linux-x86_64-debian-gcc, r-devel-linux-x86_64-fedora-clang, r-devel-linux-x86_64-fedora-gcc, r-devel-windows-x86_64, r-patched-linux-x86_64, r-release-linux-x86_64, r-release-macos-arm64, r-release-macos-x86_64, r-release-windows-x86_64, r-oldrel-macos-arm64, r-oldrel-macos-x86_64, r-oldrel-windows-ix86+x86_64