CRAN Package Check Results for Package adegenet

Last updated on 2022-11-26 03:58:01 CET.

Flavor Version Tinstall Tcheck Ttotal Status Flags
r-devel-linux-x86_64-debian-clang 2.1.8 35.07 241.67 276.74 OK
r-devel-linux-x86_64-debian-gcc 2.1.8 26.46 178.35 204.81 OK
r-devel-linux-x86_64-fedora-clang 2.1.8 344.25 OK
r-devel-linux-x86_64-fedora-gcc 2.1.8 334.31 OK
r-devel-windows-x86_64 2.1.8 177.00 305.00 482.00 OK
r-patched-linux-x86_64 2.1.8 OK
r-release-linux-x86_64 2.1.8 33.62 220.16 253.78 OK
r-release-macos-arm64 2.1.8 83.00 NOTE
r-release-macos-x86_64 2.1.8 117.00 OK
r-release-windows-x86_64 2.1.8 148.00 289.00 437.00 OK
r-oldrel-macos-arm64 2.1.8 84.00 NOTE
r-oldrel-macos-x86_64 2.1.8 115.00 OK
r-oldrel-windows-ix86+x86_64 2.1.8 69.00 338.00 407.00 OK

Check Details

Version: 2.1.8
Check: installed package size
Result: NOTE
     installed size is 5.8Mb
     sub-directories of 1Mb or more:
     R 2.1Mb
     data 1.3Mb
     files 1.7Mb
Flavors: r-release-macos-arm64, r-oldrel-macos-arm64