CRAN Package Check Results for Package aftgee

Last updated on 2022-08-17 04:50:35 CEST.

Flavor Version Tinstall Tcheck Ttotal Status Flags
r-devel-linux-x86_64-debian-clang 1.1.6 21.63 124.38 146.01 NOTE
r-devel-linux-x86_64-debian-gcc 1.1.6 NOTE
r-devel-linux-x86_64-fedora-clang 1.1.6 192.53 NOTE
r-devel-linux-x86_64-fedora-gcc 1.1.6 189.07 NOTE
r-devel-windows-x86_64 1.1.6 27.00 135.00 162.00 NOTE
r-patched-linux-x86_64 1.1.6 16.88 115.18 132.06 OK
r-release-linux-x86_64 1.1.6 15.49 113.53 129.02 OK
r-release-macos-arm64 1.1.6 49.00 OK
r-release-macos-x86_64 1.1.6 83.00 OK
r-release-windows-x86_64 1.1.6 36.00 138.00 174.00 OK
r-oldrel-macos-arm64 1.1.6 55.00 OK
r-oldrel-macos-x86_64 1.1.6 64.00 OK
r-oldrel-windows-ix86+x86_64 1.1.6 46.00 174.00 220.00 OK

Check Details

Version: 1.1.6
Check: package subdirectories
Result: NOTE
    Problems with news in 'NEWS.md':
    No news entries found.
Flavors: r-devel-linux-x86_64-debian-clang, r-devel-linux-x86_64-debian-gcc, r-devel-linux-x86_64-fedora-clang, r-devel-linux-x86_64-fedora-gcc, r-devel-windows-x86_64