CRAN Package Check Results for Package aglm

Last updated on 2022-12-06 04:02:45 CET.

Flavor Version Tinstall Tcheck Ttotal Status Flags
r-devel-linux-x86_64-debian-clang 0.4.0 7.55 158.73 166.28 OK
r-devel-linux-x86_64-debian-gcc 0.4.0 8.01 118.26 126.27 OK
r-devel-linux-x86_64-fedora-clang 0.4.0 217.65 NOTE
r-devel-linux-x86_64-fedora-gcc 0.4.0 213.39 NOTE
r-devel-windows-x86_64 0.4.0 22.00 189.00 211.00 OK
r-patched-linux-x86_64 0.4.0 10.80 149.96 160.76 OK
r-release-linux-x86_64 0.4.0 8.31 154.01 162.32 OK
r-release-macos-arm64 0.4.0 64.00 NOTE
r-release-macos-x86_64 0.4.0 86.00 NOTE
r-release-windows-x86_64 0.4.0 26.00 185.00 211.00 OK
r-oldrel-macos-arm64 0.4.0 110.00 NOTE
r-oldrel-macos-x86_64 0.4.0 111.00 NOTE
r-oldrel-windows-ix86+x86_64 0.4.0 20.00 183.00 203.00 OK

Check Details

Version: 0.4.0
Check: dependencies in R code
Result: NOTE
    Namespace in Imports field not imported from: ‘mathjaxr’
     All declared Imports should be used.
Flavors: r-devel-linux-x86_64-fedora-clang, r-devel-linux-x86_64-fedora-gcc, r-release-macos-arm64, r-release-macos-x86_64, r-oldrel-macos-arm64, r-oldrel-macos-x86_64