CRAN Package Check Results for Package aiRly

Last updated on 2022-12-06 04:02:45 CET.

Flavor Version Tinstall Tcheck Ttotal Status Flags
r-devel-linux-x86_64-debian-clang 0.1.0 4.64 45.35 49.99 NOTE
r-devel-linux-x86_64-debian-gcc 0.1.0 3.93 34.16 38.09 NOTE
r-devel-linux-x86_64-fedora-clang 0.1.0 72.03 NOTE
r-devel-linux-x86_64-fedora-gcc 0.1.0 68.52 NOTE
r-devel-windows-x86_64 0.1.0 30.00 76.00 106.00 NOTE
r-patched-linux-x86_64 0.1.0 4.86 41.30 46.16 NOTE
r-release-linux-x86_64 0.1.0 3.19 41.72 44.91 NOTE
r-release-macos-arm64 0.1.0 22.00 NOTE
r-release-macos-x86_64 0.1.0 31.00 NOTE
r-release-windows-x86_64 0.1.0 26.00 72.00 98.00 NOTE
r-oldrel-macos-arm64 0.1.0 24.00 NOTE
r-oldrel-macos-x86_64 0.1.0 33.00 NOTE
r-oldrel-windows-ix86+x86_64 0.1.0 11.00 66.00 77.00 NOTE

Additional issues

donttest

Check Details

Version: 0.1.0
Check: LazyData
Result: NOTE
     'LazyData' is specified without a 'data' directory
Flavors: r-devel-linux-x86_64-debian-clang, r-devel-linux-x86_64-debian-gcc, r-devel-linux-x86_64-fedora-clang, r-devel-linux-x86_64-fedora-gcc, r-devel-windows-x86_64, r-patched-linux-x86_64, r-release-linux-x86_64, r-release-macos-arm64, r-release-macos-x86_64, r-release-windows-x86_64, r-oldrel-macos-arm64, r-oldrel-macos-x86_64, r-oldrel-windows-ix86+x86_64