CRAN Package Check Results for Package aire.zmvm

Last updated on 2022-12-03 03:57:03 CET.

Flavor Version Tinstall Tcheck Ttotal Status Flags
r-devel-linux-x86_64-debian-clang 0.8.2 10.72 82.22 92.94 OK
r-devel-linux-x86_64-debian-gcc 0.8.2 6.49 62.07 68.56 OK
r-devel-linux-x86_64-fedora-clang 0.8.2 124.05 NOTE
r-devel-linux-x86_64-fedora-gcc 0.8.2 118.64 NOTE
r-devel-windows-x86_64 0.8.2 36.00 116.00 152.00 OK
r-patched-linux-x86_64 0.8.2 10.57 75.54 86.11 OK
r-release-linux-x86_64 0.8.2 6.91 77.68 84.59 OK
r-release-macos-arm64 0.8.2 34.00 NOTE
r-release-macos-x86_64 0.8.2 63.00 NOTE
r-release-windows-x86_64 0.8.2 42.00 115.00 157.00 OK
r-oldrel-macos-arm64 0.8.2 43.00 NOTE
r-oldrel-macos-x86_64 0.8.2 56.00 NOTE
r-oldrel-windows-ix86+x86_64 0.8.2 23.00 106.00 129.00 OK

Check Details

Version: 0.8.2
Check: data for non-ASCII characters
Result: NOTE
     Note: found 53 marked UTF-8 strings
Flavors: r-devel-linux-x86_64-fedora-clang, r-devel-linux-x86_64-fedora-gcc, r-release-macos-arm64, r-release-macos-x86_64, r-oldrel-macos-arm64, r-oldrel-macos-x86_64