CRAN Package Check Results for Package alfr

Last updated on 2022-12-07 03:57:17 CET.

Flavor Version Tinstall Tcheck Ttotal Status Flags
r-devel-linux-x86_64-debian-clang 1.2.1 3.32 39.00 42.32 NOTE
r-devel-linux-x86_64-debian-gcc 1.2.1 2.84 30.30 33.14 NOTE
r-devel-linux-x86_64-fedora-clang 1.2.1 56.69 NOTE
r-devel-linux-x86_64-fedora-gcc 1.2.1 71.00 NOTE
r-devel-windows-x86_64 1.2.1 490.00 92.00 582.00 NOTE
r-patched-linux-x86_64 1.2.1 3.91 36.22 40.13 NOTE
r-release-linux-x86_64 1.2.1 3.79 36.69 40.48 NOTE
r-release-macos-arm64 1.2.1 18.00 NOTE
r-release-macos-x86_64 1.2.1 26.00 NOTE
r-release-windows-x86_64 1.2.1 44.00 89.00 133.00 NOTE
r-oldrel-macos-arm64 1.2.1 23.00 NOTE
r-oldrel-macos-x86_64 1.2.1 31.00 NOTE
r-oldrel-windows-ix86+x86_64 1.2.1 6.00 76.00 82.00 NOTE

Check Details

Version: 1.2.1
Check: LazyData
Result: NOTE
     'LazyData' is specified without a 'data' directory
Flavors: r-devel-linux-x86_64-debian-clang, r-devel-linux-x86_64-debian-gcc, r-devel-linux-x86_64-fedora-clang, r-devel-linux-x86_64-fedora-gcc, r-devel-windows-x86_64, r-patched-linux-x86_64, r-release-linux-x86_64, r-release-macos-arm64, r-release-macos-x86_64, r-release-windows-x86_64, r-oldrel-macos-arm64, r-oldrel-macos-x86_64, r-oldrel-windows-ix86+x86_64