Last updated on 2023-12-02 03:57:33 CET.
Flavor | Version | Tinstall | Tcheck | Ttotal | Status | Flags |
---|---|---|---|---|---|---|
r-devel-linux-x86_64-debian-clang | 2.0.1 | 3.31 | 39.41 | 42.72 | OK | |
r-devel-linux-x86_64-debian-gcc | 2.0.1 | 3.10 | 30.32 | 33.42 | OK | |
r-devel-linux-x86_64-fedora-clang | 2.0.1 | 54.55 | OK | |||
r-devel-linux-x86_64-fedora-gcc | 2.0.1 | 51.70 | OK | |||
r-devel-windows-x86_64 | 2.0.1 | 6.00 | 70.00 | 76.00 | ERROR | |
r-patched-linux-x86_64 | 2.0.1 | 4.84 | 35.89 | 40.73 | ERROR | |
r-release-linux-x86_64 | 2.0.1 | 3.09 | 38.23 | 41.32 | OK | |
r-release-macos-arm64 | 2.0.1 | 41.00 | OK | |||
r-release-macos-x86_64 | 2.0.1 | 78.00 | OK | |||
r-release-windows-x86_64 | 2.0.1 | 8.00 | 69.00 | 77.00 | OK | |
r-oldrel-macos-arm64 | 1.3.2 | 20.00 | OK | |||
r-oldrel-macos-x86_64 | 1.3.2 | 26.00 | OK | |||
r-oldrel-windows-x86_64 | 1.3.2 | 6.00 | 54.00 | 60.00 | OK |
Version: 2.0.1
Check: examples
Result: ERROR
Running examples in 'algaeClassify-Ex.R' failed
The error most likely occurred in:
> ### Name: genus_search_itis
> ### Title: Wrapper function for several functions in ritis:: Searches ITIS
> ### database for matches to a genus name
> ### Aliases: genus_search_itis
>
> ### ** Examples
>
> genus='Anabaena'
> genus_search_itis(genus,higher=TRUE)
Error:
! The `x` argument of `as_tibble()` can't be missing as of tibble 3.0.0.
Backtrace:
▆
1. └─algaeClassify::genus_search_itis(genus, higher = TRUE)
2. └─ritis::accepted_names(tsn = tsn)
3. └─ritis:::parse_raw(out)
4. ├─tibble::as_tibble()
5. └─tibble:::as_tibble.NULL()
6. └─lifecycle::deprecate_stop("3.0.0", "as_tibble(x = 'can\\'t be missing')")
7. └─lifecycle:::deprecate_stop0(msg)
8. └─rlang::cnd_signal(...)
Execution halted
Flavor: r-devel-windows-x86_64
Version: 2.0.1
Check: examples
Result: ERROR
Running examples in ‘algaeClassify-Ex.R’ failed
The error most likely occurred in:
> base::assign(".ptime", proc.time(), pos = "CheckExEnv")
> ### Name: genus_search_itis
> ### Title: Wrapper function for several functions in ritis:: Searches ITIS
> ### database for matches to a genus name
> ### Aliases: genus_search_itis
>
> ### ** Examples
>
> genus='Anabaena'
> genus_search_itis(genus,higher=TRUE)
Error:
! The `x` argument of `as_tibble()` can't be missing as of tibble 3.0.0.
Backtrace:
▆
1. └─algaeClassify::genus_search_itis(genus, higher = TRUE)
2. └─ritis::accepted_names(tsn = tsn)
3. └─ritis:::parse_raw(out)
4. ├─tibble::as_tibble()
5. └─tibble:::as_tibble.NULL()
6. └─lifecycle::deprecate_stop("3.0.0", "as_tibble(x = 'can\\'t be missing')")
7. └─lifecycle:::deprecate_stop0(msg)
8. └─rlang::cnd_signal(...)
Execution halted
Flavor: r-patched-linux-x86_64