CRAN Package Check Results for Package ampd

Last updated on 2023-02-01 03:54:06 CET.

Flavor Version Tinstall Tcheck Ttotal Status Flags
r-devel-linux-x86_64-debian-clang 0.2 1.86 20.16 22.02 NOTE
r-devel-linux-x86_64-debian-gcc 0.2 1.43 15.98 17.41 NOTE
r-devel-linux-x86_64-fedora-clang 0.2 28.69 NOTE
r-devel-linux-x86_64-fedora-gcc 0.2 27.08 NOTE
r-devel-windows-x86_64 0.2 9.00 44.00 53.00 NOTE
r-patched-linux-x86_64 0.2 1.81 20.28 22.09 NOTE
r-release-linux-x86_64 0.2 1.89 20.88 22.77 NOTE
r-release-macos-arm64 0.2 12.00 NOTE
r-release-macos-x86_64 0.2 21.00 NOTE
r-release-windows-x86_64 0.2 4.00 40.00 44.00 NOTE
r-oldrel-macos-arm64 0.2 18.00 NOTE
r-oldrel-macos-x86_64 0.2 25.00 NOTE
r-oldrel-windows-ix86+x86_64 0.2 4.00 31.00 35.00 NOTE

Check Details

Version: 0.2
Check: LazyData
Result: NOTE
     'LazyData' is specified without a 'data' directory
Flavors: r-devel-linux-x86_64-debian-clang, r-devel-linux-x86_64-debian-gcc, r-devel-linux-x86_64-fedora-clang, r-devel-linux-x86_64-fedora-gcc, r-devel-windows-x86_64, r-patched-linux-x86_64, r-release-linux-x86_64, r-release-macos-arm64, r-release-macos-x86_64, r-release-windows-x86_64, r-oldrel-macos-arm64, r-oldrel-macos-x86_64, r-oldrel-windows-ix86+x86_64