Last updated on 2022-08-07 04:50:37 CEST.
Flavor | Version | Tinstall | Tcheck | Ttotal | Status | Flags |
---|---|---|---|---|---|---|
r-devel-linux-x86_64-debian-clang | 4.0.2 | 80.60 | 137.90 | 218.50 | OK | |
r-devel-linux-x86_64-debian-gcc | 4.0.2 | 56.00 | 100.73 | 156.73 | OK | |
r-devel-linux-x86_64-fedora-clang | 4.0.2 | 319.77 | NOTE | |||
r-devel-linux-x86_64-fedora-gcc | 4.0.2 | 256.40 | OK | |||
r-devel-windows-x86_64 | 4.0.2 | 130.00 | 183.00 | 313.00 | NOTE | |
r-patched-linux-x86_64 | 4.0.2 | 59.39 | 128.21 | 187.60 | OK | |
r-release-linux-x86_64 | 4.0.2 | 59.97 | 126.19 | 186.16 | OK | |
r-release-macos-arm64 | 4.0.2 | 76.00 | NOTE | |||
r-release-macos-x86_64 | 4.0.2 | 121.00 | NOTE | |||
r-release-windows-x86_64 | 4.0.2 | 123.00 | 182.00 | 305.00 | NOTE | |
r-oldrel-macos-arm64 | 4.0.2 | 81.00 | NOTE | |||
r-oldrel-macos-x86_64 | 4.0.2 | 97.00 | NOTE | |||
r-oldrel-windows-ix86+x86_64 | 4.0.2 | 190.00 | 248.00 | 438.00 | NOTE |
Version: 4.0.2
Check: installed package size
Result: NOTE
installed size is 6.8Mb
sub-directories of 1Mb or more:
data 4.1Mb
libs 2.1Mb
Flavors: r-devel-linux-x86_64-fedora-clang, r-devel-windows-x86_64, r-release-macos-arm64, r-release-macos-x86_64, r-release-windows-x86_64, r-oldrel-macos-arm64, r-oldrel-macos-x86_64, r-oldrel-windows-ix86+x86_64