CRAN Package Check Results for Package aorsf

Last updated on 2023-06-09 04:52:54 CEST.

Flavor Version Tinstall Tcheck Ttotal Status Flags
r-devel-linux-x86_64-debian-clang 0.0.7 55.14 324.41 379.55 NOTE
r-devel-linux-x86_64-debian-gcc 0.0.7 41.53 250.76 292.29 NOTE
r-devel-linux-x86_64-fedora-clang 0.0.7 492.83 NOTE
r-devel-linux-x86_64-fedora-gcc 0.0.7 477.15 NOTE
r-devel-windows-x86_64 0.0.7 41.00 280.00 321.00 NOTE
r-patched-linux-x86_64 0.0.7 46.74 313.48 360.22 NOTE
r-release-linux-x86_64 0.0.7 47.18 308.89 356.07 NOTE
r-release-macos-arm64 0.0.7 160.00 NOTE
r-release-macos-x86_64 0.0.7 268.00 NOTE
r-release-windows-x86_64 0.0.7 51.00 351.00 402.00 NOTE
r-oldrel-macos-arm64 0.0.7 134.00 OK
r-oldrel-macos-x86_64 0.0.7 173.00 OK
r-oldrel-windows-x86_64 0.0.7 48.00 334.00 382.00 OK

Check Details

Version: 0.0.7
Check: C++ specification
Result: NOTE
     Specified C++11: please drop specification unless essential
Flavors: r-devel-linux-x86_64-debian-clang, r-devel-linux-x86_64-debian-gcc, r-devel-linux-x86_64-fedora-clang, r-devel-linux-x86_64-fedora-gcc, r-devel-windows-x86_64, r-patched-linux-x86_64, r-release-linux-x86_64, r-release-macos-arm64, r-release-macos-x86_64, r-release-windows-x86_64