Last updated on 2023-09-29 05:05:54 CEST.
Flavor | Version | Tinstall | Tcheck | Ttotal | Status | Flags |
---|---|---|---|---|---|---|
r-devel-linux-x86_64-debian-clang | 5.7-1 | 67.79 | 293.81 | 361.60 | OK | |
r-devel-linux-x86_64-debian-gcc | 5.7-1 | 52.16 | 211.41 | 263.57 | OK | |
r-devel-linux-x86_64-fedora-clang | 5.7-1 | 447.81 | OK | |||
r-devel-linux-x86_64-fedora-gcc | 5.7-1 | 476.59 | OK | |||
r-devel-windows-x86_64 | 5.7-1 | 68.00 | 306.00 | 374.00 | OK | |
r-patched-linux-x86_64 | 5.7-1 | 79.56 | 287.12 | 366.68 | OK | |
r-release-linux-x86_64 | 5.7-1 | 71.39 | 283.18 | 354.57 | OK | |
r-release-macos-arm64 | 5.7-1 | 139.00 | NOTE | |||
r-release-macos-x86_64 | 5.7-1 | 237.00 | NOTE | |||
r-release-windows-x86_64 | 5.7-1 | 88.00 | 374.00 | 462.00 | OK | |
r-oldrel-macos-arm64 | 5.7-1 | 123.00 | NOTE | |||
r-oldrel-macos-x86_64 | 5.7-1 | 157.00 | OK | |||
r-oldrel-windows-x86_64 | 5.7-1 | 82.00 | 357.00 | 439.00 | OK |
Version: 5.7-1
Check: installed package size
Result: NOTE
installed size is 5.9Mb
sub-directories of 1Mb or more:
R 2.0Mb
doc 1.2Mb
libs 1.7Mb
Flavors: r-release-macos-arm64, r-release-macos-x86_64, r-oldrel-macos-arm64