Last updated on 2025-01-12 03:49:41 CET.
Flavor | Version | Tinstall | Tcheck | Ttotal | Status | Flags |
---|---|---|---|---|---|---|
r-devel-linux-x86_64-debian-clang | 1.0.6 | 17.01 | 129.72 | 146.73 | NOTE | |
r-devel-linux-x86_64-debian-gcc | 1.0.6 | 10.66 | 91.37 | 102.03 | NOTE | |
r-devel-linux-x86_64-fedora-clang | 1.0.6 | 237.15 | OK | |||
r-devel-linux-x86_64-fedora-gcc | 1.0.6 | 234.80 | OK | |||
r-devel-windows-x86_64 | 1.0.6 | 20.00 | 129.00 | 149.00 | NOTE | |
r-patched-linux-x86_64 | 1.0.6 | 19.14 | 119.91 | 139.05 | OK | |
r-release-linux-x86_64 | 1.0.6 | 15.34 | 119.98 | 135.32 | OK | |
r-release-macos-arm64 | 1.0.6 | 63.00 | OK | |||
r-release-macos-x86_64 | 1.0.6 | 122.00 | OK | |||
r-release-windows-x86_64 | 1.0.6 | 17.00 | 128.00 | 145.00 | OK | |
r-oldrel-macos-arm64 | 1.0.6 | 72.00 | OK | |||
r-oldrel-macos-x86_64 | 1.0.6 | 142.00 | OK | |||
r-oldrel-windows-x86_64 | 1.0.6 | 23.00 | 158.00 | 181.00 | OK |
Version: 1.0.6
Check: Rd cross-references
Result: NOTE
Found the following Rd file(s) with Rd \link{} targets missing package
anchors:
multidna2alignment.Rd: as.alignment
multidna2genind.Rd: genind-class, DNAbin2genind
multidna2multiphyDat.Rd: DNAbin2genind
plot-multidna-method.Rd: image.DNAbin
Please provide package anchors for all Rd \link{} targets not in the
package itself and the base packages.
Flavors: r-devel-linux-x86_64-debian-clang, r-devel-linux-x86_64-debian-gcc, r-devel-windows-x86_64