CRAN Package Check Results for Package apisensr

Last updated on 2022-12-07 03:57:17 CET.

Flavor Version Tinstall Tcheck Ttotal Status Flags
r-devel-linux-x86_64-debian-clang 0.3.0 15.10 111.31 126.41 NOTE
r-devel-linux-x86_64-debian-gcc 0.3.0 10.85 84.15 95.00 NOTE
r-devel-linux-x86_64-fedora-clang 0.3.0 173.03 NOTE
r-devel-linux-x86_64-fedora-gcc 0.3.0 158.44 NOTE
r-devel-windows-x86_64 0.3.0 24.00 137.00 161.00 NOTE
r-patched-linux-x86_64 0.3.0 12.87 106.31 119.18 NOTE
r-release-linux-x86_64 0.3.0 11.73 106.21 117.94 NOTE
r-release-macos-arm64 0.3.0 44.00 NOTE
r-release-macos-x86_64 0.3.0 70.00 NOTE
r-release-windows-x86_64 0.3.0 24.00 137.00 161.00 NOTE
r-oldrel-macos-arm64 0.3.0 52.00 NOTE
r-oldrel-macos-x86_64 0.3.0 81.00 NOTE
r-oldrel-windows-ix86+x86_64 0.3.0 36.00 143.00 179.00 NOTE

Check Details

Version: 0.3.0
Check: LazyData
Result: NOTE
     'LazyData' is specified without a 'data' directory
Flavors: r-devel-linux-x86_64-debian-clang, r-devel-linux-x86_64-debian-gcc, r-devel-linux-x86_64-fedora-clang, r-devel-linux-x86_64-fedora-gcc, r-devel-windows-x86_64, r-patched-linux-x86_64, r-release-linux-x86_64, r-release-macos-arm64, r-release-macos-x86_64, r-release-windows-x86_64, r-oldrel-macos-arm64, r-oldrel-macos-x86_64, r-oldrel-windows-ix86+x86_64