CRAN Package Check Results for Package appnn

Last updated on 2023-02-01 03:54:06 CET.

Flavor Version Tinstall Tcheck Ttotal Status Flags
r-devel-linux-x86_64-debian-clang 1.0-0 1.75 20.22 21.97 NOTE
r-devel-linux-x86_64-debian-gcc 1.0-0 1.45 15.94 17.39 NOTE
r-devel-linux-x86_64-fedora-clang 1.0-0 28.57 NOTE
r-devel-linux-x86_64-fedora-gcc 1.0-0 27.51 NOTE
r-devel-windows-x86_64 1.0-0 14.00 47.00 61.00 NOTE
r-patched-linux-x86_64 1.0-0 1.90 21.34 23.24 NOTE
r-release-linux-x86_64 1.0-0 1.76 21.15 22.91 NOTE
r-release-macos-arm64 1.0-0 16.00 NOTE
r-release-macos-x86_64 1.0-0 21.00 NOTE
r-release-windows-x86_64 1.0-0 7.00 41.00 48.00 NOTE
r-oldrel-macos-arm64 1.0-0 17.00 NOTE
r-oldrel-macos-x86_64 1.0-0 24.00 NOTE
r-oldrel-windows-ix86+x86_64 1.0-0 5.00 32.00 37.00 NOTE

Check Details

Version: 1.0-0
Check: LazyData
Result: NOTE
     'LazyData' is specified without a 'data' directory
Flavors: r-devel-linux-x86_64-debian-clang, r-devel-linux-x86_64-debian-gcc, r-devel-linux-x86_64-fedora-clang, r-devel-linux-x86_64-fedora-gcc, r-devel-windows-x86_64, r-patched-linux-x86_64, r-release-linux-x86_64, r-release-macos-arm64, r-release-macos-x86_64, r-release-windows-x86_64, r-oldrel-macos-arm64, r-oldrel-macos-x86_64, r-oldrel-windows-ix86+x86_64