CRAN Package Check Results for Package approxOT

Last updated on 2022-12-02 04:00:03 CET.

Flavor Version Tinstall Tcheck Ttotal Status Flags
r-devel-linux-x86_64-debian-clang 1.0.2 298.51 90.78 389.29 OK
r-devel-linux-x86_64-debian-gcc 1.0.2 221.60 64.85 286.45 OK
r-devel-linux-x86_64-fedora-clang 1.0.2 607.48 OK
r-devel-linux-x86_64-fedora-gcc 1.0.2 525.63 OK
r-devel-windows-x86_64 1.0.2 250.00 140.00 390.00 OK
r-patched-linux-x86_64 1.0.2 247.53 91.34 338.87 OK
r-release-linux-x86_64 1.0.2 248.00 92.83 340.83 OK
r-release-macos-arm64 1.0.2 121.00 NOTE
r-release-macos-x86_64 1.0.2 157.00 NOTE
r-release-windows-x86_64 1.0.2 232.00 142.00 374.00 OK
r-oldrel-macos-arm64 1.0.2 123.00 NOTE
r-oldrel-macos-x86_64 1.0.2 151.00 NOTE
r-oldrel-windows-ix86+x86_64 1.0.2 715.00 225.00 940.00 OK

Check Details

Version: 1.0.2
Check: installed package size
Result: NOTE
     installed size is 36.1Mb
     sub-directories of 1Mb or more:
     libs 35.8Mb
Flavors: r-release-macos-arm64, r-release-macos-x86_64, r-oldrel-macos-arm64, r-oldrel-macos-x86_64