CRAN Package Check Results for Package ar.matrix

Last updated on 2024-04-17 04:59:23 CEST.

Flavor Version Tinstall Tcheck Ttotal Status Flags
r-devel-linux-x86_64-debian-clang 0.1.0 2.62 32.47 35.09 OK
r-devel-linux-x86_64-debian-gcc 0.1.0 1.97 25.16 27.13 OK
r-devel-linux-x86_64-fedora-clang 0.1.0 45.40 NOTE
r-devel-linux-x86_64-fedora-gcc 0.1.0 43.46 NOTE
r-prerel-macos-arm64 0.1.0 19.00 OK
r-prerel-windows-x86_64 0.1.0 3.00 84.00 87.00 OK
r-patched-linux-x86_64 0.1.0 2.14 32.39 34.53 OK
r-release-linux-x86_64 0.1.0 2.52 31.76 34.28 OK
r-release-macos-arm64 0.1.0 22.00 OK
r-release-macos-x86_64 0.1.0 30.00 OK
r-release-windows-x86_64 0.1.0 4.00 48.00 52.00 OK
r-oldrel-macos-arm64 0.1.0 20.00 NOTE
r-oldrel-windows-x86_64 0.1.0 4.00 52.00 56.00 OK

Check Details

Version: 0.1.0
Check: dependencies in R code
Result: NOTE Namespace in Imports field not imported from: ‘sp’ All declared Imports should be used. Flavors: r-devel-linux-x86_64-fedora-clang, r-devel-linux-x86_64-fedora-gcc, r-oldrel-macos-arm64