CRAN Package Check Results for Package arenar

Last updated on 2022-12-03 03:57:03 CET.

Flavor Version Tinstall Tcheck Ttotal Status Flags
r-devel-linux-x86_64-debian-clang 0.2.0 3.64 105.96 109.60 NOTE
r-devel-linux-x86_64-debian-gcc 0.2.0 3.07 83.20 86.27 NOTE
r-devel-linux-x86_64-fedora-clang 0.2.0 139.16 NOTE
r-devel-linux-x86_64-fedora-gcc 0.2.0 137.85 NOTE
r-devel-windows-x86_64 0.2.0 31.00 138.00 169.00 NOTE
r-patched-linux-x86_64 0.2.0 2.84 99.67 102.51 NOTE
r-release-linux-x86_64 0.2.0 3.02 96.52 99.54 NOTE
r-release-macos-arm64 0.2.0 46.00 NOTE
r-release-macos-x86_64 0.2.0 90.00 NOTE
r-release-windows-x86_64 0.2.0 39.00 150.00 189.00 NOTE
r-oldrel-macos-arm64 0.2.0 51.00 NOTE
r-oldrel-macos-x86_64 0.2.0 87.00 NOTE
r-oldrel-windows-ix86+x86_64 0.2.0 11.00 122.00 133.00 NOTE

Check Details

Version: 0.2.0
Check: LazyData
Result: NOTE
     'LazyData' is specified without a 'data' directory
Flavors: r-devel-linux-x86_64-debian-clang, r-devel-linux-x86_64-debian-gcc, r-devel-linux-x86_64-fedora-clang, r-devel-linux-x86_64-fedora-gcc, r-devel-windows-x86_64, r-patched-linux-x86_64, r-release-linux-x86_64, r-release-macos-arm64, r-release-macos-x86_64, r-release-windows-x86_64, r-oldrel-macos-arm64, r-oldrel-macos-x86_64, r-oldrel-windows-ix86+x86_64