CRAN Package Check Results for Package argonR

Last updated on 2023-01-31 04:06:11 CET.

Flavor Version Tinstall Tcheck Ttotal Status Flags
r-devel-linux-x86_64-debian-clang 0.2.0 3.70 32.31 36.01 NOTE
r-devel-linux-x86_64-debian-gcc 0.2.0 3.47 25.09 28.56 NOTE
r-devel-linux-x86_64-fedora-clang 0.2.0 47.82 NOTE
r-devel-linux-x86_64-fedora-gcc 0.2.0 56.67 NOTE
r-devel-windows-x86_64 0.2.0 8.00 78.00 86.00 NOTE
r-patched-linux-x86_64 0.2.0 4.25 30.06 34.31 NOTE
r-release-linux-x86_64 0.2.0 4.07 30.33 34.40 NOTE
r-release-macos-arm64 0.2.0 23.00 NOTE
r-release-macos-x86_64 0.2.0 26.00 NOTE
r-release-windows-x86_64 0.2.0 88.00 76.00 164.00 NOTE
r-oldrel-macos-arm64 0.2.0 24.00 NOTE
r-oldrel-macos-x86_64 0.2.0 32.00 NOTE
r-oldrel-windows-ix86+x86_64 0.2.0 9.00 63.00 72.00 NOTE

Check Details

Version: 0.2.0
Check: LazyData
Result: NOTE
     'LazyData' is specified without a 'data' directory
Flavors: r-devel-linux-x86_64-debian-clang, r-devel-linux-x86_64-debian-gcc, r-devel-linux-x86_64-fedora-clang, r-devel-linux-x86_64-fedora-gcc, r-devel-windows-x86_64, r-patched-linux-x86_64, r-release-linux-x86_64, r-release-macos-arm64, r-release-macos-x86_64, r-release-windows-x86_64, r-oldrel-macos-arm64, r-oldrel-macos-x86_64, r-oldrel-windows-ix86+x86_64