Last updated on 2023-02-03 03:55:42 CET.
Flavor | Version | Tinstall | Tcheck | Ttotal | Status | Flags |
---|---|---|---|---|---|---|
r-devel-linux-x86_64-debian-clang | 2.4.0 | 4.50 | 327.69 | 332.19 | NOTE | |
r-devel-linux-x86_64-debian-gcc | 2.4.0 | 3.53 | 248.89 | 252.42 | NOTE | |
r-devel-linux-x86_64-fedora-clang | 2.4.0 | 387.37 | NOTE | |||
r-devel-linux-x86_64-fedora-gcc | 2.4.0 | 384.24 | NOTE | |||
r-devel-windows-x86_64 | 2.4.0 | 115.00 | 489.00 | 604.00 | NOTE | |
r-patched-linux-x86_64 | 2.4.0 | 3.93 | 304.77 | 308.70 | NOTE | |
r-release-linux-x86_64 | 2.4.0 | 4.84 | 299.82 | 304.66 | NOTE | |
r-release-macos-arm64 | 2.4.0 | 102.00 | NOTE | |||
r-release-macos-x86_64 | 2.4.0 | 174.00 | NOTE | |||
r-release-windows-x86_64 | 2.4.0 | 151.00 | 501.00 | 652.00 | NOTE | |
r-oldrel-macos-arm64 | 2.4.0 | 134.00 | NOTE | |||
r-oldrel-macos-x86_64 | 2.4.0 | 193.00 | NOTE | |||
r-oldrel-windows-ix86+x86_64 | 2.4.0 | 12.00 | 311.00 | 323.00 | NOTE |
Version: 2.4.0
Check: LazyData
Result: NOTE
'LazyData' is specified without a 'data' directory
Flavors: r-devel-linux-x86_64-debian-clang, r-devel-linux-x86_64-debian-gcc, r-devel-linux-x86_64-fedora-clang, r-devel-linux-x86_64-fedora-gcc, r-devel-windows-x86_64, r-patched-linux-x86_64, r-release-linux-x86_64, r-release-macos-arm64, r-release-macos-x86_64, r-release-windows-x86_64, r-oldrel-macos-arm64, r-oldrel-macos-x86_64, r-oldrel-windows-ix86+x86_64