CRAN Package Check Results for Package attempt

Last updated on 2022-12-07 03:57:18 CET.

Flavor Version Tinstall Tcheck Ttotal Status Flags
r-devel-linux-x86_64-debian-clang 0.3.1 2.35 43.67 46.02 NOTE
r-devel-linux-x86_64-debian-gcc 0.3.1 2.26 34.78 37.04 NOTE
r-devel-linux-x86_64-fedora-clang 0.3.1 67.63 NOTE
r-devel-linux-x86_64-fedora-gcc 0.3.1 77.61 NOTE
r-devel-windows-x86_64 0.3.1 21.00 81.00 102.00 NOTE
r-patched-linux-x86_64 0.3.1 2.46 42.52 44.98 NOTE
r-release-linux-x86_64 0.3.1 2.61 39.00 41.61 NOTE
r-release-macos-arm64 0.3.1 22.00 NOTE
r-release-macos-x86_64 0.3.1 34.00 NOTE
r-release-windows-x86_64 0.3.1 22.00 85.00 107.00 NOTE
r-oldrel-macos-arm64 0.3.1 24.00 NOTE
r-oldrel-macos-x86_64 0.3.1 38.00 NOTE
r-oldrel-windows-ix86+x86_64 0.3.1 15.00 68.00 83.00 NOTE

Check Details

Version: 0.3.1
Check: LazyData
Result: NOTE
     'LazyData' is specified without a 'data' directory
Flavors: r-devel-linux-x86_64-debian-clang, r-devel-linux-x86_64-debian-gcc, r-devel-linux-x86_64-fedora-clang, r-devel-linux-x86_64-fedora-gcc, r-devel-windows-x86_64, r-patched-linux-x86_64, r-release-linux-x86_64, r-release-macos-arm64, r-release-macos-x86_64, r-release-windows-x86_64, r-oldrel-macos-arm64, r-oldrel-macos-x86_64, r-oldrel-windows-ix86+x86_64