Last updated on 2023-03-21 03:54:15 CET.
Flavor | Version | Tinstall | Tcheck | Ttotal | Status | Flags |
---|---|---|---|---|---|---|
r-devel-linux-x86_64-debian-clang | 1.0.0 | OK | ||||
r-devel-linux-x86_64-debian-gcc | 1.0.0 | 3.96 | 36.44 | 40.40 | OK | |
r-devel-linux-x86_64-fedora-clang | 1.0.0 | 65.97 | NOTE | |||
r-devel-linux-x86_64-fedora-gcc | 1.0.0 | 73.21 | NOTE | |||
r-devel-windows-x86_64 | 1.0.0 | 18.00 | 75.00 | 93.00 | OK | |
r-patched-linux-x86_64 | 1.0.0 | 4.81 | 47.14 | 51.95 | OK | |
r-release-linux-x86_64 | 1.0.0 | 4.00 | 47.26 | 51.26 | OK | |
r-release-macos-arm64 | 1.0.0 | 25.00 | NOTE | |||
r-release-macos-x86_64 | 1.0.0 | 47.00 | NOTE | |||
r-release-windows-x86_64 | 1.0.0 | 16.00 | 81.00 | 97.00 | OK | |
r-oldrel-macos-arm64 | 1.0.0 | 31.00 | NOTE | |||
r-oldrel-macos-x86_64 | 1.0.0 | 49.00 | NOTE | |||
r-oldrel-windows-ix86+x86_64 | 1.0.0 | 12.00 | 72.00 | 84.00 | OK |
Version: 1.0.0
Check: dependencies in R code
Result: NOTE
Namespace in Imports field not imported from: ‘tidyr’
All declared Imports should be used.
Flavors: r-devel-linux-x86_64-fedora-clang, r-devel-linux-x86_64-fedora-gcc, r-release-macos-arm64, r-release-macos-x86_64, r-oldrel-macos-arm64, r-oldrel-macos-x86_64