CRAN Package Check Results for Package autoMrP

Last updated on 2022-10-05 04:50:46 CEST.

Flavor Version Tinstall Tcheck Ttotal Status Flags
r-devel-linux-x86_64-debian-clang 1.0.2 10.15 84.59 94.74 OK
r-devel-linux-x86_64-debian-gcc 1.0.2 8.12 63.51 71.63 OK
r-devel-linux-x86_64-fedora-clang 1.0.2 133.11 NOTE
r-devel-linux-x86_64-fedora-gcc 1.0.2 129.78 NOTE
r-devel-windows-x86_64 1.0.2 38.00 124.00 162.00 OK
r-patched-linux-x86_64 1.0.2 8.69 77.30 85.99 OK
r-release-linux-x86_64 1.0.2 7.80 76.63 84.43 OK
r-release-macos-arm64 1.0.2 35.00 NOTE
r-release-macos-x86_64 1.0.2 60.00 NOTE
r-release-windows-x86_64 1.0.2 33.00 109.00 142.00 OK
r-oldrel-macos-arm64 1.0.2 35.00 NOTE
r-oldrel-macos-x86_64 1.0.2 43.00 NOTE
r-oldrel-windows-ix86+x86_64 1.0.2 22.00 102.00 124.00 OK

Additional issues

donttest

Check Details

Version: 1.0.2
Check: dependencies in R code
Result: NOTE
    Namespace in Imports field not imported from: ‘R.rsp’
     All declared Imports should be used.
Flavors: r-devel-linux-x86_64-fedora-clang, r-devel-linux-x86_64-fedora-gcc, r-release-macos-arm64, r-release-macos-x86_64, r-oldrel-macos-arm64, r-oldrel-macos-x86_64