Last updated on 2023-12-10 03:59:49 CET.
Flavor | Version | Tinstall | Tcheck | Ttotal | Status | Flags |
---|---|---|---|---|---|---|
r-devel-linux-x86_64-debian-clang | 0.3.0 | 3.42 | 169.29 | 172.71 | NOTE | |
r-devel-linux-x86_64-debian-gcc | 0.3.0 | 2.71 | 121.89 | 124.60 | NOTE | |
r-devel-linux-x86_64-fedora-clang | 0.3.0 | 222.62 | OK | |||
r-devel-linux-x86_64-fedora-gcc | 0.3.0 | 214.58 | OK | |||
r-devel-windows-x86_64 | 0.3.0 | 6.00 | 163.00 | 169.00 | OK | |
r-patched-linux-x86_64 | 0.3.0 | 4.16 | 168.63 | 172.79 | OK | |
r-release-linux-x86_64 | 0.3.0 | 3.63 | 164.06 | 167.69 | OK | |
r-release-macos-arm64 | 0.3.0 | 63.00 | OK | |||
r-release-macos-x86_64 | 0.3.0 | 160.00 | OK | |||
r-release-windows-x86_64 | 0.3.0 | 6.00 | 176.00 | 182.00 | OK | |
r-oldrel-macos-arm64 | 0.3.0 | 76.00 | OK | |||
r-oldrel-macos-x86_64 | 0.3.0 | 98.00 | OK | |||
r-oldrel-windows-x86_64 | 0.3.0 | 6.00 | 191.00 | 197.00 | OK |
Version: 0.3.0
Check: Rd files
Result: NOTE
checkRd: (-1) noauto_scorecard.Rd:20: Lost braces; missing escapes or markup?
20 | \item{fit}{See glm {stats}.}
| ^
checkRd: (-1) noauto_scorecard2.Rd:21: Lost braces; missing escapes or markup?
21 | \item{fit}{See glm {stats}.}
| ^
Flavors: r-devel-linux-x86_64-debian-clang, r-devel-linux-x86_64-debian-gcc