Last updated on 2023-01-27 03:53:40 CET.
Flavor | Version | Tinstall | Tcheck | Ttotal | Status | Flags |
---|---|---|---|---|---|---|
r-devel-linux-x86_64-debian-clang | 1.3.2 | 3.82 | 42.10 | 45.92 | NOTE | |
r-devel-linux-x86_64-debian-gcc | 1.3.2 | 3.31 | 33.11 | 36.42 | NOTE | |
r-devel-linux-x86_64-fedora-clang | 1.3.2 | 65.62 | NOTE | |||
r-devel-linux-x86_64-fedora-gcc | 1.3.2 | 70.64 | NOTE | |||
r-devel-windows-x86_64 | 1.3.2 | 19.00 | 83.00 | 102.00 | NOTE | |
r-patched-linux-x86_64 | 1.3.2 | 3.56 | 42.15 | 45.71 | NOTE | |
r-release-linux-x86_64 | 1.3.2 | 4.23 | 41.37 | 45.60 | NOTE | |
r-release-macos-arm64 | 1.3.2 | 22.00 | NOTE | |||
r-release-macos-x86_64 | 1.3.2 | 33.00 | NOTE | |||
r-release-windows-x86_64 | 1.3.2 | 9.00 | 72.00 | 81.00 | NOTE | |
r-oldrel-macos-arm64 | 1.3.2 | 25.00 | NOTE | |||
r-oldrel-macos-x86_64 | 1.3.2 | 41.00 | NOTE | |||
r-oldrel-windows-ix86+x86_64 | 1.3.2 | 9.00 | 55.00 | 64.00 | NOTE |
Version: 1.3.2
Check: LazyData
Result: NOTE
'LazyData' is specified without a 'data' directory
Flavors: r-devel-linux-x86_64-debian-clang, r-devel-linux-x86_64-debian-gcc, r-devel-linux-x86_64-fedora-clang, r-devel-linux-x86_64-fedora-gcc, r-devel-windows-x86_64, r-patched-linux-x86_64, r-release-linux-x86_64, r-release-macos-arm64, r-release-macos-x86_64, r-release-windows-x86_64, r-oldrel-macos-arm64, r-oldrel-macos-x86_64, r-oldrel-windows-ix86+x86_64