CRAN Package Check Results for Package autoshiny

Last updated on 2022-11-27 03:57:42 CET.

Flavor Version Tinstall Tcheck Ttotal Status Flags
r-devel-linux-x86_64-debian-clang 0.0.2 4.54 40.65 45.19 NOTE
r-devel-linux-x86_64-debian-gcc 0.0.2 2.73 32.97 35.70 NOTE
r-devel-linux-x86_64-fedora-clang 0.0.2 66.96 NOTE
r-devel-linux-x86_64-fedora-gcc 0.0.2 65.60 NOTE
r-devel-windows-x86_64 0.0.2 16.00 77.00 93.00 NOTE
r-patched-linux-x86_64 0.0.2 4.35 39.57 43.92 NOTE
r-release-linux-x86_64 0.0.2 3.76 39.51 43.27 NOTE
r-release-macos-arm64 0.0.2 21.00 NOTE
r-release-macos-x86_64 0.0.2 31.00 NOTE
r-release-windows-x86_64 0.0.2 29.00 79.00 108.00 NOTE
r-oldrel-macos-arm64 0.0.2 28.00 NOTE
r-oldrel-macos-x86_64 0.0.2 34.00 NOTE
r-oldrel-windows-ix86+x86_64 0.0.2 12.00 70.00 82.00 NOTE

Check Details

Version: 0.0.2
Check: LazyData
Result: NOTE
     'LazyData' is specified without a 'data' directory
Flavors: r-devel-linux-x86_64-debian-clang, r-devel-linux-x86_64-debian-gcc, r-devel-linux-x86_64-fedora-clang, r-devel-linux-x86_64-fedora-gcc, r-devel-windows-x86_64, r-patched-linux-x86_64, r-release-linux-x86_64, r-release-macos-arm64, r-release-macos-x86_64, r-release-windows-x86_64, r-oldrel-macos-arm64, r-oldrel-macos-x86_64, r-oldrel-windows-ix86+x86_64