CRAN Package Check Results for Package bWGR

Last updated on 2022-08-13 04:57:43 CEST.

Flavor Version Tinstall Tcheck Ttotal Status Flags
r-devel-linux-x86_64-debian-clang 2.1 184.30 81.06 265.36 OK
r-devel-linux-x86_64-debian-gcc 2.1 142.84 65.55 208.39 OK
r-devel-linux-x86_64-fedora-clang 2.1 366.29 NOTE
r-devel-linux-x86_64-fedora-gcc 2.1 337.47 NOTE
r-devel-windows-x86_64 2.1 105.00 129.00 234.00 OK
r-patched-linux-x86_64 2.1 143.74 83.54 227.28 OK
r-release-linux-x86_64 2.1 146.66 82.69 229.35 OK
r-release-macos-arm64 2.1 88.00 NOTE
r-release-macos-x86_64 2.1 115.00 NOTE
r-release-windows-x86_64 2.1 104.00 127.00 231.00 OK
r-oldrel-macos-arm64 2.1 76.00 NOTE
r-oldrel-macos-x86_64 2.1 110.00 NOTE
r-oldrel-windows-ix86+x86_64 2.1 335.00 145.00 480.00 OK

Check Details

Version: 2.1
Check: installed package size
Result: NOTE
     installed size is 42.2Mb
     sub-directories of 1Mb or more:
     libs 41.8Mb
Flavors: r-devel-linux-x86_64-fedora-clang, r-release-macos-arm64, r-release-macos-x86_64, r-oldrel-macos-arm64, r-oldrel-macos-x86_64

Version: 2.1
Check: dependencies in R code
Result: NOTE
    Namespace in Imports field not imported from: ‘RcppEigen’
     All declared Imports should be used.
Flavors: r-devel-linux-x86_64-fedora-clang, r-devel-linux-x86_64-fedora-gcc, r-release-macos-arm64, r-release-macos-x86_64, r-oldrel-macos-arm64, r-oldrel-macos-x86_64