Last updated on 2023-12-10 03:59:49 CET.
Flavor | Version | Tinstall | Tcheck | Ttotal | Status | Flags |
---|---|---|---|---|---|---|
r-devel-linux-x86_64-debian-clang | 1.0.6 | 10.16 | 125.66 | 135.82 | OK | |
r-devel-linux-x86_64-debian-gcc | 1.0.6 | 8.94 | 99.35 | 108.29 | OK | |
r-devel-linux-x86_64-fedora-clang | 1.0.6 | 187.57 | NOTE | |||
r-devel-linux-x86_64-fedora-gcc | 1.0.6 | 200.05 | OK | |||
r-devel-windows-x86_64 | 1.0.6 | 10.00 | 128.00 | 138.00 | OK | |
r-patched-linux-x86_64 | 1.0.6 | 17.14 | 130.54 | 147.68 | OK | |
r-release-linux-x86_64 | 1.0.6 | 9.25 | 129.43 | 138.68 | OK | |
r-release-macos-arm64 | 1.0.6 | 76.00 | OK | |||
r-release-macos-x86_64 | 1.0.6 | 118.00 | OK | |||
r-release-windows-x86_64 | 1.0.6 | 13.00 | 149.00 | 162.00 | OK | |
r-oldrel-macos-arm64 | 1.0.6 | 71.00 | OK | |||
r-oldrel-macos-x86_64 | 1.0.6 | 772.00 | OK | |||
r-oldrel-windows-x86_64 | 1.0.6 | 15.00 | 152.00 | 167.00 | OK |
Version: 1.0.6
Check: Rd cross-references
Result: NOTE
Undeclared package ‘Rraven’ in Rd xrefs
Flavor: r-devel-linux-x86_64-fedora-clang