CRAN Package Check Results for Package babsim.hospital

Last updated on 2022-09-30 04:59:03 CEST.

Flavor Version Tinstall Tcheck Ttotal Status Flags
r-devel-linux-x86_64-debian-clang 11.8.8 26.23 283.32 309.55 OK
r-devel-linux-x86_64-debian-gcc 11.8.8 19.21 205.04 224.25 OK
r-devel-linux-x86_64-fedora-clang 11.8.8 399.53 NOTE
r-devel-linux-x86_64-fedora-gcc 11.8.8 387.38 NOTE
r-devel-windows-x86_64 11.8.8 288.00 297.00 585.00 OK
r-patched-linux-x86_64 11.8.8 23.95 259.02 282.97 OK
r-release-linux-x86_64 11.8.8 16.50 263.85 280.35 OK
r-release-macos-arm64 11.8.8 89.00 NOTE
r-release-macos-x86_64 11.8.8 126.00 NOTE
r-release-windows-x86_64 11.8.8 303.00 292.00 595.00 OK
r-oldrel-macos-arm64 11.8.8 86.00 NOTE
r-oldrel-macos-x86_64 11.8.8 118.00 NOTE
r-oldrel-windows-ix86+x86_64 11.8.8 50.00 289.00 339.00 OK

Check Details

Version: 11.8.8
Check: data for non-ASCII characters
Result: NOTE
     Note: found 64209 marked UTF-8 strings
Flavors: r-devel-linux-x86_64-fedora-clang, r-devel-linux-x86_64-fedora-gcc, r-release-macos-arm64, r-release-macos-x86_64, r-oldrel-macos-arm64, r-oldrel-macos-x86_64