Last updated on 2023-11-28 04:03:00 CET.
Flavor | Version | Tinstall | Tcheck | Ttotal | Status | Flags |
---|---|---|---|---|---|---|
r-devel-linux-x86_64-debian-clang | 0.0.3 | 397.30 | 183.94 | 581.24 | NOTE | |
r-devel-linux-x86_64-debian-gcc | 0.0.3 | 371.15 | 159.60 | 530.75 | NOTE | |
r-devel-linux-x86_64-fedora-clang | 0.0.3 | 761.84 | NOTE | |||
r-devel-linux-x86_64-fedora-gcc | 0.0.3 | 925.85 | NOTE | |||
r-devel-windows-x86_64 | 0.0.3 | 300.00 | 184.00 | 484.00 | NOTE | |
r-patched-linux-x86_64 | 0.0.3 | 385.73 | 198.66 | 584.39 | NOTE | |
r-release-linux-x86_64 | 0.0.3 | 0.01 | 2.24 | 2.25 | ERROR | |
r-release-macos-arm64 | 0.0.3 | 278.00 | NOTE | |||
r-release-macos-x86_64 | 0.0.3 | 413.00 | NOTE | |||
r-release-windows-x86_64 | 0.0.3 | 402.00 | 226.00 | 628.00 | NOTE | |
r-oldrel-macos-arm64 | 0.0.3 | 173.00 | NOTE | |||
r-oldrel-macos-x86_64 | 0.0.3 | 260.00 | ERROR | |||
r-oldrel-windows-x86_64 | 0.0.3 | 379.00 | 224.00 | 603.00 | NOTE |
Version: 0.0.3
Check: for GNU extensions in Makefiles
Result: NOTE
GNU make is a SystemRequirements.
Flavors: r-devel-linux-x86_64-debian-clang, r-devel-linux-x86_64-debian-gcc, r-devel-linux-x86_64-fedora-clang, r-devel-linux-x86_64-fedora-gcc, r-devel-windows-x86_64, r-patched-linux-x86_64, r-release-macos-arm64, r-release-macos-x86_64, r-release-windows-x86_64, r-oldrel-macos-arm64, r-oldrel-macos-x86_64, r-oldrel-windows-x86_64
Version: 0.0.3
Check: installed package size
Result: NOTE
installed size is 5.8Mb
sub-directories of 1Mb or more:
data 1.1Mb
libs 3.9Mb
Flavors: r-devel-linux-x86_64-fedora-clang, r-devel-windows-x86_64, r-release-macos-arm64, r-release-macos-x86_64, r-release-windows-x86_64, r-oldrel-macos-arm64, r-oldrel-macos-x86_64, r-oldrel-windows-x86_64
Version: 0.0.3
Check: dependencies in R code
Result: NOTE
Namespaces in Imports field not imported from:
‘RcppParallel’ ‘rstantools’
All declared Imports should be used.
Flavors: r-devel-linux-x86_64-fedora-clang, r-devel-linux-x86_64-fedora-gcc
Version: 0.0.3
Check: Rd cross-references
Result: NOTE
Undeclared package ‘tidyselect’ in Rd xrefs
Flavor: r-devel-linux-x86_64-fedora-clang
Version: 0.0.3
Check: whether package can be installed
Result: ERROR
Installation failed.
Flavor: r-release-linux-x86_64
Version: 0.0.3
Check: PDF version of manual
Result: WARN
LaTeX errors when creating PDF version.
This typically indicates Rd problems.
LaTeX errors found:
! Undefined control sequence.
<argument> \text
{E}[s_i|\omega ,y_{ij}]=\exp ({f(y_{ij},\omega )})
l.308 }{}
! Undefined control sequence.
<argument> ...athcal {N}(\boldsymbol {\mu }^\text
{T}\boldsymbol {K},\sigma ...
l.610 }{}
! Undefined control sequence.
<argument> P(\text
{\textbf {error}})=2\Phi (-\left |\boldsymbol {\mu }_{\bo...
l.616 ...dot\boldsymbol{\tau}_{\boldsymbol{D}})}{}
! Undefined control sequence.
<argument> \alpha \sim \text
{Half-Cauchy}(25)
l.708 \deqn{\alpha\sim\text{Half-Cauchy}(25)}{}
Flavor: r-oldrel-macos-x86_64
Version: 0.0.3
Check: PDF version of manual without index
Result: ERROR
Flavor: r-oldrel-macos-x86_64